{"id":3868,"date":"2016-08-10T02:31:37","date_gmt":"2016-08-10T02:31:37","guid":{"rendered":"https:\/\/qlu.ac.pa\/masters\/?page_id=3868"},"modified":"2017-07-07T12:17:49","modified_gmt":"2017-07-07T12:17:49","slug":"mba-en-emprendimiento","status":"publish","type":"page","link":"https:\/\/qlu.ac.pa\/masters\/mba-en-emprendimiento\/","title":{"rendered":"MBA en Emprendimiento"},"content":{"rendered":"<p>[vc_row type=&#8221;full_width_background&#8221; full_screen_row_position=&#8221;middle&#8221; scene_position=&#8221;center&#8221; layer_one_image=&#8221;2518&#8243; layer_four_image=&#8221;2655&#8243; text_color=&#8221;dark&#8221; text_align=&#8221;center&#8221; top_padding=&#8221;0&#8243; bottom_padding=&#8221;0&#8243; overlay_strength=&#8221;0.3&#8243;][vc_column column_padding=&#8221;no-extra-padding&#8221; column_padding_position=&#8221;all&#8221; background_color_opacity=&#8221;1&#8243; background_hover_color_opacity=&#8221;1&#8243; width=&#8221;1\/1&#8243; tablet_text_alignment=&#8221;default&#8221; phone_text_alignment=&#8221;default&#8221;][nectar_slider location=&#8221;MBA espa\u00f1ol&#8221; flexible_slider_height=&#8221;true&#8221; full_width=&#8221;true&#8221; overall_style=&#8221;classic&#8221; loop=&#8221;true&#8221; slider_transition=&#8221;fade&#8221; button_sizing=&#8221;regular&#8221; slider_height=&#8221;500&#8243; autorotate=&#8221;5000&#8243;][\/vc_column][\/vc_row][vc_row type=&#8221;full_width_background&#8221; full_screen_row_position=&#8221;middle&#8221; bg_color=&#8221;#ffffff&#8221; scene_position=&#8221;center&#8221; text_color=&#8221;dark&#8221; text_align=&#8221;left&#8221; top_padding=&#8221;50&#8243; bottom_padding=&#8221;50&#8243; overlay_strength=&#8221;0.3&#8243;][vc_column enable_animation=&#8221;true&#8221; animation=&#8221;fade-in&#8221; column_padding=&#8221;no-extra-padding&#8221; column_padding_position=&#8221;all&#8221; background_color_opacity=&#8221;1&#8243; background_hover_color_opacity=&#8221;1&#8243; width=&#8221;1\/3&#8243; tablet_text_alignment=&#8221;default&#8221; phone_text_alignment=&#8221;default&#8221; delay=&#8221;0&#8243;][text-with-icon icon_type=&#8221;font_icon&#8221; icon=&#8221;icon-tags&#8221; color=&#8221;Accent-Color&#8221;]<\/p>\n<h2>Introducci\u00f3n<\/h2>\n<div>\n<p style=\"text-align: justify;\">El <strong>MBA<\/strong> que se ofrece en <strong>Quality Leadership University<\/strong>, esta orientado a <strong>formar gerentes y ejecutivos<\/strong> para \u00a0<strong>empresas multinacionales<\/strong> y extranjeras que tengan la regi\u00f3n y el mundo como un horizonte y mercado.<\/p>\n<p style=\"text-align: justify;\">Conocimientos actualizado relevante de las nuevas herramientas y <strong>modelos de gesti\u00f3n<\/strong> son claves par el \u00e9xito gerencial. Junto con lo anterior, el programa de MBA no tiene una especializaci\u00f3n; sin embargo,<strong>desarrolla las habilidades de comunicaci\u00f3n<\/strong>, trabajo en equipo, discusi\u00f3n, <strong>estrategia, negociaci\u00f3n, toma de decisiones y liderazgo<\/strong>. Para lograr este objetivo el programa combina clases, seminarios, simuladores, y talleres que impulsan al aprendizaje como la aplicaci\u00f3n de conceptos y herramientas a problemas del mundo real, junto con estimular el potencial de<strong> competencias gerenciasles a futuros egresados.<\/strong><\/p>\n<p style=\"text-align: justify;\">Ser egresado de un MBA de la Quality Leadership University es integrarse a una de las<strong> redes de egresados m\u00e1s potentes, influyentes<\/strong> y extensas en negocios y econom\u00eda en Panam\u00e1 y en Latinoam\u00e9rica.<\/p>\n<\/div>\n<p>[\/text-with-icon][text-with-icon icon_type=&#8221;font_icon&#8221; icon=&#8221;icon-hand-right&#8221; color=&#8221;Accent-Color&#8221;]<\/p>\n<h2>Requisitos<\/h2>\n<ul>\n<li>Grado de licenciado en cualquier \u00e1rea o t\u00edtulo profesional equivalente<\/li>\n<li>Original y copia certificada de los t\u00edtulos y cr\u00e9ditos. Los t\u00edtulos y cr\u00e9ditos otorgados en lengua extranjera deber\u00e1n estar traducidos por un traductor p\u00fablico autorizado<\/li>\n<li>Hoja de vida actualizada<\/li>\n<li>(2) Cartas de recomendaci\u00f3n<\/li>\n<li>(2) Fotos tama\u00f1o carnet<\/li>\n<li>Fotocopia de documentos de identidad personal<\/li>\n<li>Carta de inter\u00e9s, indicando los motivos para estudiar esta maestr\u00eda<\/li>\n<li>Entrevista personal con el Director del Programa<\/li>\n<\/ul>\n<p>[\/text-with-icon][\/vc_column][vc_column enable_animation=&#8221;true&#8221; animation=&#8221;fade-in&#8221; column_padding=&#8221;no-extra-padding&#8221; column_padding_position=&#8221;all&#8221; background_color_opacity=&#8221;1&#8243; background_hover_color_opacity=&#8221;1&#8243; width=&#8221;1\/3&#8243; tablet_text_alignment=&#8221;default&#8221; phone_text_alignment=&#8221;default&#8221; delay=&#8221;200&#8243;][text-with-icon icon_type=&#8221;font_icon&#8221; icon=&#8221;icon-search&#8221; color=&#8221;Accent-Color&#8221;]<\/p>\n<h2>Perfil de los Alumnos<\/h2>\n<p>Este MBA est\u00e1 dirigido a graduados universitarios y a jovenes profesionales de alto potencial, que buscan obtener un conocimiento profundo de la gesti\u00f3n empresarial, necesaria para liderar y transformar negocios competitivos.[\/text-with-icon][text-with-icon icon_type=&#8221;font_icon&#8221; icon=&#8221;icon-search&#8221; color=&#8221;Accent-Color&#8221;]<\/p>\n<h2>Beneficios<\/h2>\n<ul>\n<li>Prestigiosos profesores invitados provenientes de USA, Chile, Espa\u00f1a y Colombia.<\/li>\n<li>Conferencias de respaldo y acceso a recursos adicionales.<\/li>\n<li>El m\u00e1s alto nivel acad\u00e9mico en Panam\u00e1.<\/li>\n<li>Visitas a empresas.<\/li>\n<li>C\u00f3modo horario ejecutivo para profesionales que trabajan.<\/li>\n<li>Financiamiento a trav\u00e9s del IFARHU y c\u00f3modos planes de pago sin cargos de intereses en QLU.<\/li>\n<li>Plataforma Schoology de aprendizaje interactivo online.<\/li>\n<li>T\u00edtulo conferido por Quality Leadership University.<\/li>\n<li>Maestr\u00eda aprobada por la Comisi\u00f3n T\u00e9cnica de Fiscalizaci\u00f3n.<\/li>\n<li>Dos semanas Internacionales en Universidad Ram\u00f3n Llull, La Salle en Barcelona, Espa\u00f1a. (opcional)<\/li>\n<\/ul>\n<p>[\/text-with-icon][text-with-icon icon_type=&#8221;font_icon&#8221; icon=&#8221;icon-credit-card&#8221; color=&#8221;Accent-Color&#8221;]<\/p>\n<h2>Financiamiento<\/h2>\n<ul>\n<li style=\"text-align: justify;\">Financiamiento disponible a trav\u00e9s de QLU, IFARHU y los bancos de la localidad. Solicita m\u00e1s informaci\u00f3n en nuestras oficinas o a trav\u00e9s del correo electr\u00f3nico <a href=\"mailto:maestrias@qlu.ac.pa\" target=\"_blank\" rel=\"noopener noreferrer\">maestrias@qlu.ac.pa<\/a>.<\/li>\n<li style=\"text-align: justify;\">Financiamiento a trav\u00e9s de Quality Leadership University al 0% de inter\u00e9s.<\/li>\n<\/ul>\n<p>[\/text-with-icon][nectar_btn size=&#8221;small&#8221; button_style=&#8221;regular&#8221; button_color_2=&#8221;Accent-Color&#8221; icon_family=&#8221;none&#8221; url=&#8221;https:\/\/qlu.ac.pa\/masters\/wp-content\/uploads\/2017\/07\/Brochure-MBA-Emprededores2.pdf&#8221; text=&#8221;Descargar Brochure&#8221;][\/vc_column][vc_column enable_animation=&#8221;true&#8221; animation=&#8221;fade-in&#8221; column_padding=&#8221;no-extra-padding&#8221; column_padding_position=&#8221;all&#8221; background_color_opacity=&#8221;1&#8243; background_hover_color_opacity=&#8221;1&#8243; width=&#8221;1\/3&#8243; tablet_text_alignment=&#8221;default&#8221; phone_text_alignment=&#8221;default&#8221; delay=&#8221;400&#8243;][text-with-icon icon_type=&#8221;font_icon&#8221; icon=&#8221;icon-envelope-alt&#8221; color=&#8221;Accent-Color&#8221;]<\/p>\n<h2>Registro y m\u00e1s informaci\u00f3n<\/h2>\n<p>[contact-form-7 id=&#8221;3374&#8243; title=&#8221;MBA espa\u00f1ol&#8221;][\/text-with-icon][text-with-icon icon_type=&#8221;font_icon&#8221; icon=&#8221;icon-external-link&#8221; color=&#8221;Accent-Color&#8221;]<\/p>\n<h2>Programa<\/h2>\n<ul>\n<li style=\"text-align: justify;\">Contabilidad Financiera<\/li>\n<li style=\"text-align: justify;\">Mercado y Empresas<\/li>\n<li style=\"text-align: justify;\">Teor\u00eda de Finanzas<\/li>\n<li style=\"text-align: justify;\">Gesti\u00f3n de Procesos<\/li>\n<li style=\"text-align: justify;\">Gerencia de Marketing<\/li>\n<li style=\"text-align: justify;\">Estrategia Competitiva<\/li>\n<li style=\"text-align: justify;\">Direcci\u00f3n de Capital Humano<\/li>\n<li style=\"text-align: justify;\">Negociaci\u00f3n<\/li>\n<li style=\"text-align: justify;\">Direcci\u00f3n de Finanzas<\/li>\n<li style=\"text-align: justify;\">Direcci\u00f3n Estrat\u00e9gica de Marketing<\/li>\n<li style=\"text-align: justify;\">Estrategia Corporativa<\/li>\n<li style=\"text-align: justify;\">Creaci\u00f3n de Nuevas Empresas<\/li>\n<li style=\"text-align: justify;\">T\u00f3picos de Finanzas<\/li>\n<li style=\"text-align: justify;\">T\u00f3picos de Marketing<\/li>\n<li style=\"text-align: justify;\">Implementaci\u00f3n Estrat\u00e9gica<\/li>\n<li style=\"text-align: justify;\">Evaluaci\u00f3n de Proyectos<\/li>\n<li style=\"text-align: justify;\">Etica y Responsabilidad Social<\/li>\n<li style=\"text-align: justify;\">Taller de Plan de Negocios<\/li>\n<\/ul>\n<p style=\"text-align: justify;\"><strong>\u00a0<\/strong><\/p>\n<p>[\/text-with-icon][\/vc_column][\/vc_row][vc_row type=&#8221;in_container&#8221; full_screen_row_position=&#8221;middle&#8221; scene_position=&#8221;center&#8221; text_color=&#8221;dark&#8221; text_align=&#8221;left&#8221; overlay_strength=&#8221;0.3&#8243;][vc_column column_padding=&#8221;no-extra-padding&#8221; column_padding_position=&#8221;all&#8221; background_color_opacity=&#8221;1&#8243; background_hover_color_opacity=&#8221;1&#8243; width=&#8221;1\/1&#8243; tablet_text_alignment=&#8221;default&#8221; phone_text_alignment=&#8221;default&#8221;][vc_column_text]<\/p>\n<p style=\"text-align: center;\">[button color=&#8221;accent-color&#8221; hover_text_color_override=&#8221;#fff&#8221; size=&#8221;large&#8221; url=&#8221;https:\/\/qlu.ac.pa\/masters\/&#8221; text=&#8221;Otros programas&#8221; color_override=&#8221;&#8221;]<\/p>\n<p>[\/vc_column_text][\/vc_column][\/vc_row]<\/p>\n","protected":false},"excerpt":{"rendered":"<p>[vc_row type=&#8221;full_width_background&#8221; full_screen_row_position=&#8221;middle&#8221; scene_position=&#8221;center&#8221; layer_one_image=&#8221;2518&#8243; layer_four_image=&#8221;2655&#8243; text_color=&#8221;dark&#8221; text_align=&#8221;center&#8221; top_padding=&#8221;0&#8243; bottom_padding=&#8221;0&#8243; overlay_strength=&#8221;0.3&#8243;][vc_column column_padding=&#8221;no-extra-padding&#8221; column_padding_position=&#8221;all&#8221; background_color_opacity=&#8221;1&#8243; background_hover_color_opacity=&#8221;1&#8243; width=&#8221;1\/1&#8243; tablet_text_alignment=&#8221;default&#8221; phone_text_alignment=&#8221;default&#8221;][nectar_slider location=&#8221;MBA espa\u00f1ol&#8221; flexible_slider_height=&#8221;true&#8221; full_width=&#8221;true&#8221; [&hellip;]<\/p>\n","protected":false},"author":3,"featured_media":0,"parent":0,"menu_order":36,"comment_status":"open","ping_status":"open","template":"","meta":{"_joinchat":[],"footnotes":""},"class_list":["post-3868","page","type-page","status-publish","hentry"],"_links":{"self":[{"href":"https:\/\/qlu.ac.pa\/masters\/wp-json\/wp\/v2\/pages\/3868","targetHints":{"allow":["GET"]}}],"collection":[{"href":"https:\/\/qlu.ac.pa\/masters\/wp-json\/wp\/v2\/pages"}],"about":[{"href":"https:\/\/qlu.ac.pa\/masters\/wp-json\/wp\/v2\/types\/page"}],"author":[{"embeddable":true,"href":"https:\/\/qlu.ac.pa\/masters\/wp-json\/wp\/v2\/users\/3"}],"replies":[{"embeddable":true,"href":"https:\/\/qlu.ac.pa\/masters\/wp-json\/wp\/v2\/comments?post=3868"}],"version-history":[{"count":27,"href":"https:\/\/qlu.ac.pa\/masters\/wp-json\/wp\/v2\/pages\/3868\/revisions"}],"predecessor-version":[{"id":4084,"href":"https:\/\/qlu.ac.pa\/masters\/wp-json\/wp\/v2\/pages\/3868\/revisions\/4084"}],"wp:attachment":[{"href":"https:\/\/qlu.ac.pa\/masters\/wp-json\/wp\/v2\/media?parent=3868"}],"curies":[{"name":"wp","href":"https:\/\/api.w.org\/{rel}","templated":true}]}}