{"id":4791,"date":"2019-01-11T21:21:16","date_gmt":"2019-01-11T21:21:16","guid":{"rendered":"https:\/\/qlu.ac.pa\/masters\/?page_id=4791"},"modified":"2019-01-11T21:21:16","modified_gmt":"2019-01-11T21:21:16","slug":"mba-en-espanol-2","status":"publish","type":"page","link":"https:\/\/qlu.ac.pa\/masters\/mba-en-espanol-2\/","title":{"rendered":"Maestr\u00eda Universidad de Chile"},"content":{"rendered":"<p>[vc_row type=&#8221;full_width_background&#8221; full_screen_row_position=&#8221;middle&#8221; scene_position=&#8221;center&#8221; layer_one_image=&#8221;2518&#8243; layer_four_image=&#8221;2655&#8243; text_color=&#8221;dark&#8221; text_align=&#8221;center&#8221; top_padding=&#8221;0&#8243; bottom_padding=&#8221;0&#8243; overlay_strength=&#8221;0.3&#8243; shape_divider_position=&#8221;bottom&#8221;][vc_column column_padding=&#8221;no-extra-padding&#8221; column_padding_position=&#8221;all&#8221; background_color_opacity=&#8221;1&#8243; background_hover_color_opacity=&#8221;1&#8243; column_shadow=&#8221;none&#8221; column_border_radius=&#8221;none&#8221; width=&#8221;1\/1&#8243; tablet_text_alignment=&#8221;default&#8221; phone_text_alignment=&#8221;default&#8221; column_border_width=&#8221;none&#8221; column_border_style=&#8221;solid&#8221;][nectar_slider location=&#8221;MBA espa\u00f1ol&#8221; flexible_slider_height=&#8221;true&#8221; full_width=&#8221;true&#8221; overall_style=&#8221;classic&#8221; loop=&#8221;true&#8221; slider_transition=&#8221;fade&#8221; button_sizing=&#8221;regular&#8221; slider_height=&#8221;500&#8243; autorotate=&#8221;5000&#8243;][\/vc_column][\/vc_row][vc_row type=&#8221;full_width_background&#8221; full_screen_row_position=&#8221;middle&#8221; bg_color=&#8221;#ffffff&#8221; scene_position=&#8221;center&#8221; text_color=&#8221;dark&#8221; text_align=&#8221;left&#8221; top_padding=&#8221;50&#8243; bottom_padding=&#8221;50&#8243; overlay_strength=&#8221;0.3&#8243; shape_divider_position=&#8221;bottom&#8221;][vc_column enable_animation=&#8221;true&#8221; animation=&#8221;fade-in&#8221; column_padding=&#8221;no-extra-padding&#8221; column_padding_position=&#8221;all&#8221; background_color_opacity=&#8221;1&#8243; background_hover_color_opacity=&#8221;1&#8243; column_shadow=&#8221;none&#8221; column_border_radius=&#8221;none&#8221; width=&#8221;1\/3&#8243; tablet_text_alignment=&#8221;default&#8221; phone_text_alignment=&#8221;default&#8221; column_border_width=&#8221;none&#8221; column_border_style=&#8221;solid&#8221; delay=&#8221;0&#8243;]<div class=\"iwithtext\"><div class=\"iwt-icon\"> <i class=\"icon-default-style icon-tags accent-color\"><\/i> <\/div><div class=\"iwt-text\"> <\/p>\n<h3>Ventajas de estudiar este MBA<\/h3>\n<div>\n<p>El <strong>MBA<\/strong> que se ofrece en cooperaci\u00f3n con la <strong>Universidad de Chile<\/strong>, esta orientado a <strong>formar gerentes y ejecutivos<\/strong> para \u00a0<strong>empresas multinacionales<\/strong> y extranjeras que tengan la regi\u00f3n y el mundo como un horizonte y mercado.<\/p>\n<p>Conocimientos actualizado relevante de las nuevas herramientas y <strong>modelos de gesti\u00f3n<\/strong> son claves par el \u00e9xito gerencial. Junto con lo anterior, el programa de MBA no tiene una especializaci\u00f3n; sin embargo,<strong>desarrolla las habilidades de comunicaci\u00f3n<\/strong>, trabajo en equipo, discusi\u00f3n, <strong>estrategia, negociaci\u00f3n, toma de decisiones y liderazgo<\/strong>. Para lograr este objetivo el programa combina clases, seminarios, simuladores, y talleres que impulsan al aprendizaje como la aplicaci\u00f3n de conceptos y herramientas a problemas del mundo real, junto con estimular el potencial de<strong> competencias gerenciasles a futuros egresados.<\/strong><\/p>\n<p>Ser egresado de un MBA de la Universidad de Chile es integrarse a una de las<strong> redes de egresados m\u00e1s potentes, influyentes<\/strong> y extensas en negocios y econom\u00eda en Chile y en Latinoamericano.<\/p>\n<\/div>\n<p> <\/div><div class=\"clear\"><\/div><\/div><div class=\"iwithtext\"><div class=\"iwt-icon\"> <i class=\"icon-default-style icon-external-link accent-color\"><\/i> <\/div><div class=\"iwt-text\"> <\/p>\n<h3>Programa<\/h3>\n<ul>\n<li>Contabilidad Financiera<\/li>\n<li>Mercado y Empresas<\/li>\n<li>Teor\u00eda de Finanzas<\/li>\n<li>Gesti\u00f3n de Procesos<\/li>\n<li>Gerencia de Marketing<\/li>\n<li>Estrategia Competitiva<\/li>\n<li>Direcci\u00f3n de Capital Humano<\/li>\n<li>Negociaci\u00f3n<\/li>\n<li>Direcci\u00f3n de Finanzas<\/li>\n<li>Direcci\u00f3n Estrat\u00e9gica de Marketing<\/li>\n<li>Estrategia Corporativa<\/li>\n<li>Creaci\u00f3n de Nuevas Empresas<\/li>\n<li>T\u00f3picos de Finanzas<\/li>\n<li>T\u00f3picos de Marketing<\/li>\n<li>Implementaci\u00f3n Estrat\u00e9gica<\/li>\n<li>Evaluaci\u00f3n de Proyectos<\/li>\n<li>Etica y Responsabilidad Social<\/li>\n<li>Taller de Plan de Negocios<\/li>\n<\/ul>\n<p>\u00c9ste es un programa de doble titulaci\u00f3n que otorga una <strong>Maestr\u00eda en Administraci\u00f3n de Empresas\u00a0de Quality Leadership University\u00a0<\/strong>(Resoluci\u00f3n CTF-79-2012)\u00a0y un <strong>Magister en Administraci\u00f3n (MBA) de Universidad de Chile.<\/strong> <\/div><div class=\"clear\"><\/div><\/div><div class=\"iwithtext\"><div class=\"iwt-icon\"> <i class=\"icon-default-style icon-credit-card accent-color\"><\/i> <\/div><div class=\"iwt-text\"> <\/p>\n<h3>Financiamiento<\/h3>\n<ul>\n<li>Financiamiento disponible a trav\u00e9s de QLU, IFARHU y los bancos de la localidad. Solicita m\u00e1s informaci\u00f3n en nuestras oficinas o a trav\u00e9s del correo electr\u00f3nico <a href=\"mailto:maestrias@qlu.ac.pa\" target=\"_blank\" rel=\"noopener noreferrer\">maestrias@qlu.ac.pa<\/a>.<\/li>\n<li>Financiamiento a trav\u00e9s de Quality Leadership University al 0% de inter\u00e9s.<\/li>\n<\/ul>\n<p> <\/div><div class=\"clear\"><\/div><\/div>[\/vc_column][vc_column enable_animation=&#8221;true&#8221; animation=&#8221;fade-in&#8221; column_padding=&#8221;no-extra-padding&#8221; column_padding_position=&#8221;all&#8221; background_color_opacity=&#8221;1&#8243; background_hover_color_opacity=&#8221;1&#8243; column_shadow=&#8221;none&#8221; column_border_radius=&#8221;none&#8221; width=&#8221;1\/3&#8243; tablet_text_alignment=&#8221;default&#8221; phone_text_alignment=&#8221;default&#8221; column_border_width=&#8221;none&#8221; column_border_style=&#8221;solid&#8221; delay=&#8221;200&#8243;]<div class=\"iwithtext\"><div class=\"iwt-icon\"> <i class=\"icon-default-style icon-search accent-color\"><\/i> <\/div><div class=\"iwt-text\"> <\/p>\n<h3>Inicio de Clases: Mayo 2019<\/h3>\n<p> <\/div><div class=\"clear\"><\/div><\/div><div class=\"iwithtext\"><div class=\"iwt-icon\"> <i class=\"icon-default-style icon-trophy accent-color\"><\/i> <\/div><div class=\"iwt-text\"> <\/p>\n<h3>Top 1 entre las mejores de LATAM<\/h3>\n<p>La Facultad de Econom\u00eda y Negocios (FEN) se encuentra en el Top 10 de Escuelas de Negocios en Am\u00e9rica Latina. Entre los subrankings de Am\u00e9ricaEconom\u00eda (2017), cabe destacar: el <strong>MBA como N\u00b0 1<\/strong> entre universidades p\u00fablicas.<\/p>\n<p><img decoding=\"async\" class=\"wp-image-4271 aligncenter\" src=\"https:\/\/qlu.ac.pa\/masters\/wp-content\/uploads\/2018\/05\/Numero-1-MBA-300x223.png\" alt=\"\" width=\"206\" height=\"153\" srcset=\"https:\/\/qlu.ac.pa\/masters\/wp-content\/uploads\/2018\/05\/Numero-1-MBA-300x223.png 300w, https:\/\/qlu.ac.pa\/masters\/wp-content\/uploads\/2018\/05\/Numero-1-MBA-600x446.png 600w, https:\/\/qlu.ac.pa\/masters\/wp-content\/uploads\/2018\/05\/Numero-1-MBA-768x571.png 768w, https:\/\/qlu.ac.pa\/masters\/wp-content\/uploads\/2018\/05\/Numero-1-MBA.png 795w\" sizes=\"(max-width: 206px) 100vw, 206px\" \/> <\/div><div class=\"clear\"><\/div><\/div><div class=\"iwithtext\"><div class=\"iwt-icon\"> <i class=\"icon-default-style icon-search accent-color\"><\/i> <\/div><div class=\"iwt-text\"> <\/p>\n<h3>Beneficios<\/h3>\n<p><img decoding=\"async\" class=\"aligncenter size-full wp-image-3565\" src=\"https:\/\/qlu.ac.pa\/masters\/wp-content\/uploads\/2015\/02\/Captura-de-pantalla-2015-02-12-a-las-19.03.00-e1423764591820.png\" alt=\"\" width=\"184\" height=\"80\" \/><\/p>\n<ul>\n<li>La Universidad de Chile cuenta con la acreditaci\u00f3n de la Comisi\u00f3n Nacional de Chile(CNA), <strong>The Association of MBAs (AMBAs<\/strong>) y <strong>The Association to Advance Collegiate Schools of Business (AACSB)<\/strong>. S\u00f3lo 5% de las Escuelas de Negocios a nivel mundial ostentan la acreditaci\u00f3n de AACSB.<\/li>\n<li>El programa tiene una<strong> duraci\u00f3n promedio de 20 meses.<\/strong><\/li>\n<li><strong>Los profesores viajan a Panam<\/strong>\u00e1 dos veces al mes e imparten clases los jueves y viernes (6pm-10pm) y los s\u00e1bados (9am-5pm).<\/li>\n<li>Recibir\u00e1s <strong>doble titulaci\u00f3n acad\u00e9mica<\/strong>: un diploma de Quality Leadership University (QLU) y otro diploma de la Universidad de Chile.<\/li>\n<li>M\u00e1s del <strong>80% de profesores<\/strong> ostentan <strong>doctorado.<\/strong><\/li>\n<li><strong>Metodolog\u00eda de ense\u00f1anza<\/strong> por medio de casos y simuladores<\/li>\n<li>La FEN est\u00e1 calificada No.1 a nivel de producci\u00f3n de conocimiento (Am\u00e9ricaEconom\u00eda, 2017)<\/li>\n<li>M\u00e1s del 50% de los estudiantes son internacionales, representan a m\u00e1s de 20 pa\u00edses y trabajan para las m\u00e1s de 100 multinacionales que operan en Panam\u00e1. Somos una diversa y poderosa red de m\u00e1s 17,000 egresados.<\/li>\n<\/ul>\n<p> <\/div><div class=\"clear\"><\/div><\/div><div class=\"iwithtext\"><div class=\"iwt-icon\"> <i class=\"icon-default-style icon-hand-right accent-color\"><\/i> <\/div><div class=\"iwt-text\"> <\/p>\n<h3>Requisitos<\/h3>\n<ul>\n<li>Hoja de vida actualizada<\/li>\n<li>Cartas de Recomendaci\u00f3n (2)<\/li>\n<li>Cr\u00e9ditos Acad\u00e9micos \/ Certificaci\u00f3n de Notas<\/li>\n<li>Copia del diploma<\/li>\n<li>Foto tama\u00f1o carnet<\/li>\n<li>Copia de C\u00e9dula, del pa\u00eds de procedencia<\/li>\n<\/ul>\n<p>Una vez el estudiante recopila toda la documentaci\u00f3n debe ingresar a\u00a0<a title=\"Aplicaci\u00f3n Online\" href=\"http:\/\/www.postgradouchile.cl\/postulacion-online\" target=\"_blank\" rel=\"noopener noreferrer\"><strong>www.postgradouchile.cl\/postulacion-online<\/strong>\u00a0<\/a>\u00a0y subir todo los requisitos. <\/div><div class=\"clear\"><\/div><\/div>[\/vc_column][vc_column enable_animation=&#8221;true&#8221; animation=&#8221;fade-in&#8221; column_padding=&#8221;no-extra-padding&#8221; column_padding_position=&#8221;all&#8221; background_color_opacity=&#8221;1&#8243; background_hover_color_opacity=&#8221;1&#8243; column_shadow=&#8221;none&#8221; column_border_radius=&#8221;none&#8221; width=&#8221;1\/3&#8243; tablet_text_alignment=&#8221;default&#8221; phone_text_alignment=&#8221;default&#8221; column_border_width=&#8221;none&#8221; column_border_style=&#8221;solid&#8221; delay=&#8221;400&#8243;]<div class=\"iwithtext\"><div class=\"iwt-icon\"> <i class=\"icon-default-style icon-envelope-alt accent-color\"><\/i> <\/div><div class=\"iwt-text\"> <\/p>\n<h3>Registro y m\u00e1s informaci\u00f3n<\/h3>\n<p>[contact-form-7 id=&#8221;3374&#8243; title=&#8221;MBA espa\u00f1ol&#8221;] <\/div><div class=\"clear\"><\/div><\/div><div class=\"iwithtext\"><div class=\"iwt-icon\"> <i class=\"icon-default-style icon-hand-right accent-color\"><\/i> <\/div><div class=\"iwt-text\"> <\/p>\n<h3>Testimonio<\/h3>\n<p><strong>Alexandra Garc\u00eda<\/strong><br \/>\nVenezolana<br \/>\nGerente de Marca,\u00a0Agencias Motta<br \/>\nMBA, Promoci\u00f3n 2015<\/p>\n<p><img fetchpriority=\"high\" decoding=\"async\" class=\"alignleft wp-image-4273 size-large\" src=\"https:\/\/qlu.ac.pa\/masters\/wp-content\/uploads\/2018\/05\/Mupis-\u00c0rea-Bancaria-QLU-UCHILE-ALEXANDRA-1030x627.jpg\" alt=\"\" width=\"1030\" height=\"627\" srcset=\"https:\/\/qlu.ac.pa\/masters\/wp-content\/uploads\/2018\/05\/Mupis-\u00c0rea-Bancaria-QLU-UCHILE-ALEXANDRA-1030x627.jpg 1030w, https:\/\/qlu.ac.pa\/masters\/wp-content\/uploads\/2018\/05\/Mupis-\u00c0rea-Bancaria-QLU-UCHILE-ALEXANDRA-600x365.jpg 600w, https:\/\/qlu.ac.pa\/masters\/wp-content\/uploads\/2018\/05\/Mupis-\u00c0rea-Bancaria-QLU-UCHILE-ALEXANDRA-300x182.jpg 300w, https:\/\/qlu.ac.pa\/masters\/wp-content\/uploads\/2018\/05\/Mupis-\u00c0rea-Bancaria-QLU-UCHILE-ALEXANDRA-768x467.jpg 768w\" sizes=\"(max-width: 1030px) 100vw, 1030px\" \/>Es un orgullo haber obtenido el t\u00edtulo de MBA de una universidad cuyo prestigio no s\u00f3lo es validado\u00a0por los rankings, sino por el gran valor que representa pertenecer a la comunidad de m\u00e1s de 17,000 egresados de la Facultad de Econom\u00eda y Negocios de la Universidad de Chile. Me considero ahora una persona mucho m\u00e1s preparada y no s\u00f3lo por la teor\u00eda aprendida, sino por el sin fin de casos reales compartidos por profesores, quienes en su mayor\u00eda tambi\u00e9n fungen como directores de empresa y gerentes de proyectos. El haber tenido la oportunidad de estudiar el MBA en Panam\u00e1 me permite aportar a las solicitudes de un pa\u00eds que crece a velocidades vertiginosas y que se ha convertido en el hub de la regi\u00f3n. <\/div><div class=\"clear\"><\/div><\/div>[\/vc_column][\/vc_row][vc_row type=&#8221;in_container&#8221; full_screen_row_position=&#8221;middle&#8221; scene_position=&#8221;center&#8221; text_color=&#8221;dark&#8221; text_align=&#8221;left&#8221; overlay_strength=&#8221;0.3&#8243; shape_divider_position=&#8221;bottom&#8221;][vc_column column_padding=&#8221;no-extra-padding&#8221; column_padding_position=&#8221;all&#8221; background_color_opacity=&#8221;1&#8243; background_hover_color_opacity=&#8221;1&#8243; column_shadow=&#8221;none&#8221; column_border_radius=&#8221;none&#8221; width=&#8221;1\/1&#8243; tablet_text_alignment=&#8221;default&#8221; phone_text_alignment=&#8221;default&#8221; column_border_width=&#8221;none&#8221; column_border_style=&#8221;solid&#8221;][vc_column_text]<\/p>\n<p style=\"text-align: center;\"><a class=\"nectar-button n-sc-button large accent-color regular-button\"  href=\"https:\/\/qlu.ac.pa\/masters\/\" data-color-override=\"false\" data-hover-color-override=\"false\" data-hover-text-color-override=\"#fff\"><span>Otros programas<\/span><\/a><\/p>\n<p>[\/vc_column_text][\/vc_column][\/vc_row]<\/p>\n","protected":false},"excerpt":{"rendered":"<p>[vc_row type=&#8221;full_width_background&#8221; full_screen_row_position=&#8221;middle&#8221; scene_position=&#8221;center&#8221; layer_one_image=&#8221;2518&#8243; layer_four_image=&#8221;2655&#8243; text_color=&#8221;dark&#8221; text_align=&#8221;center&#8221; top_padding=&#8221;0&#8243; bottom_padding=&#8221;0&#8243; overlay_strength=&#8221;0.3&#8243; shape_divider_position=&#8221;bottom&#8221;][vc_column column_padding=&#8221;no-extra-padding&#8221; column_padding_position=&#8221;all&#8221; background_color_opacity=&#8221;1&#8243; background_hover_color_opacity=&#8221;1&#8243; column_shadow=&#8221;none&#8221; column_border_radius=&#8221;none&#8221; width=&#8221;1\/1&#8243; tablet_text_alignment=&#8221;default&#8221; phone_text_alignment=&#8221;default&#8221; column_border_width=&#8221;none&#8221; [&hellip;]<\/p>\n","protected":false},"author":3,"featured_media":0,"parent":0,"menu_order":36,"comment_status":"open","ping_status":"open","template":"","meta":{"_joinchat":[],"footnotes":""},"class_list":["post-4791","page","type-page","status-publish","hentry"],"_links":{"self":[{"href":"https:\/\/qlu.ac.pa\/masters\/wp-json\/wp\/v2\/pages\/4791","targetHints":{"allow":["GET"]}}],"collection":[{"href":"https:\/\/qlu.ac.pa\/masters\/wp-json\/wp\/v2\/pages"}],"about":[{"href":"https:\/\/qlu.ac.pa\/masters\/wp-json\/wp\/v2\/types\/page"}],"author":[{"embeddable":true,"href":"https:\/\/qlu.ac.pa\/masters\/wp-json\/wp\/v2\/users\/3"}],"replies":[{"embeddable":true,"href":"https:\/\/qlu.ac.pa\/masters\/wp-json\/wp\/v2\/comments?post=4791"}],"version-history":[{"count":1,"href":"https:\/\/qlu.ac.pa\/masters\/wp-json\/wp\/v2\/pages\/4791\/revisions"}],"predecessor-version":[{"id":4792,"href":"https:\/\/qlu.ac.pa\/masters\/wp-json\/wp\/v2\/pages\/4791\/revisions\/4792"}],"wp:attachment":[{"href":"https:\/\/qlu.ac.pa\/masters\/wp-json\/wp\/v2\/media?parent=4791"}],"curies":[{"name":"wp","href":"https:\/\/api.w.org\/{rel}","templated":true}]}}